CRAN Package Check Results for Package icardaFIGSr

Last updated on 2024-02-24 07:51:26 CET.

Flavor Version Tinstall Tcheck Ttotal Status Flags
r-devel-linux-x86_64-debian-clang 1.0.2 49.02 393.32 442.34 OK
r-devel-linux-x86_64-debian-gcc 1.0.2 33.60 289.22 322.82 OK
r-devel-linux-x86_64-fedora-clang 1.0.2 525.93 NOTE
r-devel-linux-x86_64-fedora-gcc 1.0.2 509.15 NOTE
r-devel-windows-x86_64 1.0.2 36.00 239.00 275.00 OK
r-patched-linux-x86_64 1.0.2 33.49 383.74 417.23 OK
r-release-linux-x86_64 1.0.2 29.74 378.31 408.05 OK
r-release-macos-arm64 1.0.2 130.00 OK
r-release-macos-x86_64 1.0.2 227.00 OK
r-release-windows-x86_64 1.0.2 49.00 320.00 369.00 OK
r-oldrel-macos-arm64 1.0.2 99.00 NOTE
r-oldrel-windows-x86_64 1.0.2 47.00 320.00 367.00 OK

Check Details

Version: 1.0.2
Check: dependencies in R code
Result: NOTE Namespace in Imports field not imported from: ‘methods’ All declared Imports should be used. Flavors: r-devel-linux-x86_64-fedora-clang, r-devel-linux-x86_64-fedora-gcc, r-oldrel-macos-arm64