Last updated on 2023-03-23 19:50:17 CET.
Flavor | Version | Tinstall | Tcheck | Ttotal | Status | Flags |
---|---|---|---|---|---|---|
r-devel-linux-x86_64-debian-clang | 0.10.1 | 55.05 | 238.50 | 293.55 | OK | |
r-devel-linux-x86_64-debian-gcc | 0.10.1 | 43.13 | 196.83 | 239.96 | OK | |
r-devel-linux-x86_64-fedora-clang | 0.11.0 | 286.25 | OK | |||
r-devel-linux-x86_64-fedora-gcc | 0.11.0 | 276.34 | OK | |||
r-devel-windows-x86_64 | 0.10.1 | 86.00 | 162.00 | 248.00 | OK | --no-vignettes |
r-patched-linux-x86_64 | 0.10.1 | 38.27 | 224.93 | 263.20 | OK | |
r-release-linux-x86_64 | 0.10.1 | 37.90 | 247.30 | 285.20 | OK | |
r-release-macos-arm64 | 0.10.1 | 175.00 | WARN | |||
r-release-macos-x86_64 | 0.10.1 | 218.00 | WARN | |||
r-release-windows-x86_64 | 0.10.1 | 97.00 | 172.00 | 269.00 | OK | --no-vignettes |
r-oldrel-macos-arm64 | 0.10.1 | 111.00 | OK | |||
r-oldrel-macos-x86_64 | 0.10.1 | 200.00 | OK | |||
r-oldrel-windows-ix86+x86_64 | 0.10.1 | 120.00 | 189.00 | 309.00 | OK | --no-vignettes |
Version: 0.10.1
Check: for missing documentation entries
Result: WARN
Undocumented S4 methods:
generic 'values<-' and siglist 'gridlayer,ANY'
All user-level objects in a package (including S4 classes and methods)
should have documentation entries.
See chapter ‘Writing R documentation files’ in the ‘Writing R
Extensions’ manual.
Flavors: r-release-macos-arm64, r-release-macos-x86_64