CRAN Package Check Results for Package idbr

Last updated on 2021-09-19 04:53:05 CEST.

Flavor Version Tinstall Tcheck Ttotal Status Flags
r-devel-linux-x86_64-debian-clang 1.0 7.00 64.06 71.06 OK
r-devel-linux-x86_64-debian-gcc 1.0 5.67 49.26 54.93 OK
r-devel-linux-x86_64-fedora-clang 1.0 96.04 OK
r-devel-linux-x86_64-fedora-gcc 1.0 82.75 OK
r-devel-windows-x86_64 1.0 8.00 82.00 90.00 OK
r-devel-windows-x86_64-gcc10-UCRT 1.0 ERROR
r-patched-linux-x86_64 1.0 6.56 60.16 66.72 OK
r-patched-solaris-x86 1.0 132.10 OK
r-release-linux-x86_64 1.0 7.07 59.72 66.79 OK
r-release-macos-arm64 1.0 OK
r-release-macos-x86_64 1.0 OK
r-release-windows-ix86+x86_64 1.0 16.00 60.00 76.00 OK
r-oldrel-macos-x86_64 1.0 OK
r-oldrel-windows-ix86+x86_64 1.0 17.00 65.00 82.00 OK

Check Details

Version: 1.0
Check: whether package can be installed
Result: WARN
    Found the following significant warnings:
     WARNING: installation-time patches will not be applied, could not get the patches index
Flavor: r-devel-windows-x86_64-gcc10-UCRT

Version: 1.0
Check: PDF version of manual
Result: WARN
    LaTeX errors when creating PDF version.
    This typically indicates Rd problems.
Flavor: r-devel-windows-x86_64-gcc10-UCRT

Version: 1.0
Check: PDF version of manual without hyperrefs or index
Result: ERROR
    Re-running with no redirection of stdout/stderr.
Flavor: r-devel-windows-x86_64-gcc10-UCRT