CRAN Package Check Results for Package idendr0

Last updated on 2021-09-19 04:53:05 CEST.

Flavor Version Tinstall Tcheck Ttotal Status Flags
r-devel-linux-x86_64-debian-clang 1.5.3 6.79 40.39 47.18 NOTE
r-devel-linux-x86_64-debian-gcc 1.5.3 5.04 31.70 36.74 NOTE
r-devel-linux-x86_64-fedora-clang 1.5.3 68.73 NOTE
r-devel-linux-x86_64-fedora-gcc 1.5.3 57.57 NOTE
r-devel-windows-x86_64 1.5.3 7.00 55.00 62.00 OK
r-devel-windows-x86_64-gcc10-UCRT 1.5.3 ERROR
r-patched-linux-x86_64 1.5.3 6.41 40.17 46.58 NOTE
r-patched-solaris-x86 1.5.3 79.50 NOTE
r-release-linux-x86_64 1.5.3 6.79 40.34 47.13 NOTE
r-release-macos-arm64 1.5.3 NOTE
r-release-macos-x86_64 1.5.3 NOTE
r-release-windows-ix86+x86_64 1.5.3 10.00 41.00 51.00 OK
r-oldrel-macos-x86_64 1.5.3 NOTE
r-oldrel-windows-ix86+x86_64 1.5.3 9.00 42.00 51.00 OK

Check Details

Version: 1.5.3
Check: package dependencies
Result: NOTE
    Package suggested but not available for checking: 'rggobi'
Flavors: r-devel-linux-x86_64-debian-clang, r-devel-linux-x86_64-debian-gcc, r-devel-linux-x86_64-fedora-clang, r-devel-linux-x86_64-fedora-gcc, r-devel-windows-x86_64-gcc10-UCRT, r-patched-linux-x86_64, r-patched-solaris-x86, r-release-linux-x86_64, r-release-macos-arm64, r-release-macos-x86_64, r-oldrel-macos-x86_64

Version: 1.5.3
Check: whether package can be installed
Result: WARN
    Found the following significant warnings:
     WARNING: installation-time patches will not be applied, could not get the patches index
Flavor: r-devel-windows-x86_64-gcc10-UCRT

Version: 1.5.3
Check: PDF version of manual
Result: WARN
    LaTeX errors when creating PDF version.
    This typically indicates Rd problems.
Flavor: r-devel-windows-x86_64-gcc10-UCRT

Version: 1.5.3
Check: PDF version of manual without hyperrefs or index
Result: ERROR
    Re-running with no redirection of stdout/stderr.
Flavor: r-devel-windows-x86_64-gcc10-UCRT