CRAN Package Check Results for Package iemiscdata

Last updated on 2021-11-29 15:51:14 CET.

Flavor Version Tinstall Tcheck Ttotal Status Flags
r-devel-linux-x86_64-debian-clang 0.6.1 2.36 25.51 27.87 NOTE
r-devel-linux-x86_64-debian-gcc 0.6.1 1.49 20.64 22.13 NOTE
r-devel-linux-x86_64-fedora-clang 0.6.1 47.50 NOTE
r-devel-linux-x86_64-fedora-gcc 0.6.1 34.60 NOTE
r-devel-windows-x86_64-new-UL 0.6.1 10.00 75.00 85.00 NOTE
r-devel-windows-x86_64-new-TK 0.6.1 NOTE
r-devel-windows-x86_64-old 0.6.1 5.00 37.00 42.00 NOTE
r-patched-linux-x86_64 0.6.1 2.06 25.34 27.40 NOTE
r-patched-solaris-x86 0.6.1 52.10 NOTE
r-release-linux-x86_64 0.6.1 2.21 25.47 27.68 NOTE
r-release-macos-arm64 0.6.1 NOTE
r-release-macos-x86_64 0.6.1 NOTE
r-release-windows-ix86+x86_64 0.6.1 6.00 34.00 40.00 NOTE
r-oldrel-macos-x86_64 0.6.1 NOTE
r-oldrel-windows-ix86+x86_64 0.6.1 4.00 37.00 41.00 NOTE

Check Details

Version: 0.6.1
Check: package dependencies
Result: NOTE
    Package suggested but not available for checking: 'ie2miscdata'
Flavors: r-devel-linux-x86_64-debian-clang, r-devel-linux-x86_64-debian-gcc, r-devel-linux-x86_64-fedora-clang, r-devel-linux-x86_64-fedora-gcc, r-devel-windows-x86_64-new-UL, r-devel-windows-x86_64-new-TK, r-devel-windows-x86_64-old, r-patched-linux-x86_64, r-patched-solaris-x86, r-release-linux-x86_64, r-release-macos-arm64, r-release-macos-x86_64, r-release-windows-ix86+x86_64, r-oldrel-macos-x86_64, r-oldrel-windows-ix86+x86_64

Version: 0.6.1
Check: data for non-ASCII characters
Result: NOTE
     Note: found 1 marked UTF-8 string
Flavors: r-devel-linux-x86_64-fedora-clang, r-devel-linux-x86_64-fedora-gcc, r-devel-windows-x86_64-new-TK, r-patched-solaris-x86, r-release-macos-arm64, r-release-macos-x86_64, r-oldrel-macos-x86_64