CRAN Package Check Results for Package ijtiff

Last updated on 2021-12-08 19:51:35 CET.

Flavor Version Tinstall Tcheck Ttotal Status Flags
r-devel-linux-x86_64-debian-clang 2.2.7 6.72 59.80 66.52 OK
r-devel-linux-x86_64-debian-gcc 2.2.7 5.18 46.69 51.87 OK
r-devel-linux-x86_64-fedora-clang 2.2.7 81.33 OK
r-devel-linux-x86_64-fedora-gcc 2.2.7 71.23 OK
r-devel-windows-x86_64-new-UL 2.2.7 28.00 124.00 152.00 OK
r-devel-windows-x86_64-new-TK 2.2.7 OK
r-devel-windows-x86_64-old 2.2.7 17.00 85.00 102.00 OK
r-patched-linux-x86_64 2.2.7 6.89 59.39 66.28 OK
r-release-linux-x86_64 2.2.7 6.44 60.65 67.09 OK
r-release-macos-arm64 2.2.7 NOTE
r-release-macos-x86_64 2.2.7 NOTE
r-release-windows-ix86+x86_64 2.2.7 19.00 97.00 116.00 OK
r-oldrel-macos-x86_64 2.2.7 NOTE
r-oldrel-windows-ix86+x86_64 2.2.7 22.00 114.00 136.00 OK

Check Details

Version: 2.2.7
Check: installed package size
Result: NOTE
     installed size is 7.3Mb
     sub-directories of 1Mb or more:
     libs 5.4Mb
Flavors: r-release-macos-arm64, r-release-macos-x86_64, r-oldrel-macos-x86_64