CRAN Package Check Results for Package image.CannyEdges

Last updated on 2022-01-22 11:51:02 CET.

Flavor Version Tinstall Tcheck Ttotal Status Flags
r-devel-linux-x86_64-debian-clang 0.1.0 18.07 36.58 54.65 OK
r-devel-linux-x86_64-debian-gcc 0.1.0 12.32 27.88 40.20 OK
r-devel-linux-x86_64-fedora-clang 0.1.0 74.24 OK
r-devel-linux-x86_64-fedora-gcc 0.1.0 58.06 OK
r-devel-windows-x86_64-new-UL 0.1.0 70.00 78.00 148.00 OK
r-devel-windows-x86_64-new-TK 0.1.0 OK
r-patched-linux-x86_64 0.1.0 16.81 34.98 51.79 OK
r-release-linux-x86_64 0.1.0 16.15 34.97 51.12 OK
r-release-macos-arm64 0.1.0 OK
r-release-macos-x86_64 0.1.0 OK
r-release-windows-ix86+x86_64 0.1.0 48.00 77.00 125.00 NOTE
r-oldrel-macos-x86_64 0.1.0 OK
r-oldrel-windows-ix86+x86_64 0.1.0 48.00 79.00 127.00 NOTE

Check Details

Version: 0.1.0
Check: installed package size
Result: NOTE
     installed size is 5.5Mb
     sub-directories of 1Mb or more:
     extdata 1.7Mb
     libs 3.7Mb
Flavors: r-release-windows-ix86+x86_64, r-oldrel-windows-ix86+x86_64