CRAN Package Check Results for Package image.ContourDetector

Last updated on 2024-03-03 04:12:22 CET.

Flavor Version Tinstall Tcheck Ttotal Status Flags
r-devel-linux-x86_64-debian-clang 0.1.1 22.15 60.75 82.90 NOTE
r-devel-linux-x86_64-debian-gcc 0.1.1 17.01 45.85 62.86 NOTE
r-devel-linux-x86_64-fedora-clang 0.1.1 107.50 NOTE
r-devel-linux-x86_64-fedora-gcc 0.1.1 109.53 NOTE
r-devel-windows-x86_64 0.1.1 20.00 88.00 108.00 OK
r-patched-linux-x86_64 0.1.1 20.36 58.94 79.30 OK
r-release-linux-x86_64 0.1.1 17.91 59.67 77.58 OK
r-release-macos-arm64 0.1.1 33.00 OK
r-release-macos-x86_64 0.1.1 54.00 OK
r-release-windows-x86_64 0.1.1 26.00 94.00 120.00 OK
r-oldrel-macos-arm64 0.1.1 33.00 OK
r-oldrel-windows-x86_64 0.1.1 23.00 94.00 117.00 OK

Check Details

Version: 0.1.1
Check: Rd files
Result: NOTE checkRd: (-1) image_contour_detector.Rd:19: Lost braces in \itemize; \value handles \item{}{} directly checkRd: (-1) image_contour_detector.Rd:20: Lost braces in \itemize; \value handles \item{}{} directly checkRd: (-1) image_contour_detector.Rd:21: Lost braces in \itemize; \value handles \item{}{} directly Flavors: r-devel-linux-x86_64-debian-clang, r-devel-linux-x86_64-debian-gcc, r-devel-linux-x86_64-fedora-clang, r-devel-linux-x86_64-fedora-gcc