Last updated on 2023-03-28 12:54:43 CEST.
Flavor | Version | Tinstall | Tcheck | Ttotal | Status | Flags |
---|---|---|---|---|---|---|
r-devel-linux-x86_64-debian-clang | 0.1.1 | 22.42 | 28.46 | 50.88 | NOTE | |
r-devel-linux-x86_64-debian-gcc | 0.1.1 | 14.75 | 21.83 | 36.58 | NOTE | |
r-devel-linux-x86_64-fedora-clang | 0.1.1 | 71.88 | NOTE | |||
r-devel-linux-x86_64-fedora-gcc | 0.1.1 | 61.06 | NOTE | |||
r-patched-linux-x86_64 | 0.1.1 | 18.32 | 26.46 | 44.78 | NOTE | |
r-release-linux-x86_64 | 0.1.1 | 15.06 | 27.78 | 42.84 | OK | |
r-release-macos-arm64 | 0.1.1 | 22.00 | OK | |||
r-release-macos-x86_64 | 0.1.1 | 30.00 | OK | |||
r-release-windows-x86_64 | 0.1.1 | 37.00 | 83.00 | 120.00 | OK | |
r-oldrel-macos-arm64 | 0.1.1 | 29.00 | OK | |||
r-oldrel-macos-x86_64 | 0.1.1 | 41.00 | OK | |||
r-oldrel-windows-ix86+x86_64 | 0.1.1 | 53.00 | 91.00 | 144.00 | OK |
Version: 0.1.1
Check: C++ specification
Result: NOTE
Specified C++11: please drop specification unless essential
Flavors: r-devel-linux-x86_64-debian-clang, r-devel-linux-x86_64-debian-gcc, r-devel-linux-x86_64-fedora-clang, r-devel-linux-x86_64-fedora-gcc, r-patched-linux-x86_64