Last updated on 2023-03-28 09:53:48 CEST.
Flavor | Version | Tinstall | Tcheck | Ttotal | Status | Flags |
---|---|---|---|---|---|---|
r-devel-linux-x86_64-debian-clang | 0.2.2 | 109.44 | 84.66 | 194.10 | OK | |
r-devel-linux-x86_64-debian-gcc | 0.2.2 | 81.13 | 39.13 | 120.26 | OK | |
r-devel-linux-x86_64-fedora-gcc | 0.2.2 | 220.03 | OK | |||
r-patched-linux-x86_64 | 0.2.2 | 86.08 | 37.45 | 123.53 | OK | |
r-release-linux-x86_64 | 0.2.2 | 84.06 | 46.88 | 130.94 | OK | |
r-release-macos-arm64 | 0.2.2 | 62.00 | NOTE | |||
r-release-macos-x86_64 | 0.2.2 | 81.00 | NOTE | |||
r-release-windows-x86_64 | 0.2.2 | 555.00 | 158.00 | 713.00 | NOTE | |
r-oldrel-macos-arm64 | 0.2.2 | 56.00 | NOTE | |||
r-oldrel-macos-x86_64 | 0.2.2 | 84.00 | NOTE | |||
r-oldrel-windows-ix86+x86_64 | 0.2.2 | 268.00 | 162.00 | 430.00 | NOTE |
Version: 0.2.2
Check: installed package size
Result: NOTE
installed size is 22.1Mb
sub-directories of 1Mb or more:
libs 10.9Mb
share 10.2Mb
Flavors: r-release-macos-arm64, r-release-macos-x86_64, r-release-windows-x86_64, r-oldrel-macos-arm64, r-oldrel-macos-x86_64, r-oldrel-windows-ix86+x86_64