Last updated on 2023-12-04 00:52:44 CET.
Flavor | Version | Tinstall | Tcheck | Ttotal | Status | Flags |
---|---|---|---|---|---|---|
r-devel-linux-x86_64-debian-clang | 0.45.2 | 678.04 | 208.01 | 886.05 | NOTE | |
r-devel-linux-x86_64-debian-gcc | 0.45.2 | 591.95 | 162.36 | 754.31 | NOTE | |
r-devel-linux-x86_64-fedora-clang | 0.45.2 | 1178.87 | NOTE | |||
r-devel-linux-x86_64-fedora-gcc | 0.45.2 | 1575.38 | OK | |||
r-devel-windows-x86_64 | 0.45.2 | 526.00 | 271.00 | 797.00 | NOTE | |
r-patched-linux-x86_64 | 0.45.2 | 683.73 | 204.66 | 888.39 | OK | |
r-release-linux-x86_64 | 0.45.2 | 692.32 | 204.30 | 896.62 | OK | |
r-release-macos-arm64 | 0.45.2 | 208.00 | NOTE | |||
r-release-macos-x86_64 | 0.45.2 | 395.00 | NOTE | |||
r-release-windows-x86_64 | 0.45.2 | 674.00 | 317.00 | 991.00 | NOTE | |
r-oldrel-macos-arm64 | 0.45.2 | 220.00 | NOTE | |||
r-oldrel-macos-x86_64 | 0.45.2 | 267.00 | NOTE | |||
r-oldrel-windows-x86_64 | 0.45.2 | 594.00 | 260.00 | 854.00 | NOTE |
Version: 0.45.2
Check: Rd files
Result: NOTE
checkRd: (-1) distance_transform.Rd:14: Lost braces; missing escapes or markup?
14 | \item{metric}{Type of metric. Can be <tt>{ 0=Chebyshev | 1=Manhattan | 2=Euclidean | 3=Squared-euclidean }</tt>.}
| ^
checkRd: (-1) warp.Rd:14: Lost braces; missing escapes or markup?
14 | \item{mode}{Can be { 0=backward-absolute | 1=backward-relative | 2=forward-absolute | 3=forward-relative }}
| ^
checkRd: (-1) warp.Rd:16: Lost braces; missing escapes or markup?
16 | \item{interpolation}{Can be <tt>{ 0=nearest | 1=linear | 2=cubic }</tt>.}
| ^
checkRd: (-1) warp.Rd:18: Lost braces; missing escapes or markup?
18 | \item{boundary_conditions}{Boundary conditions. Can be <tt>{ 0=dirichlet | 1=neumann | 2=periodic }</tt>.}
| ^
Flavors: r-devel-linux-x86_64-debian-clang, r-devel-linux-x86_64-debian-gcc
Version: 0.45.2
Check: installed package size
Result: NOTE
installed size is 16.3Mb
sub-directories of 1Mb or more:
data 1.4Mb
doc 5.2Mb
extdata 1.1Mb
include 3.0Mb
libs 4.9Mb
Flavors: r-devel-linux-x86_64-fedora-clang, r-devel-windows-x86_64, r-release-macos-arm64, r-release-macos-x86_64, r-release-windows-x86_64, r-oldrel-macos-arm64, r-oldrel-macos-x86_64, r-oldrel-windows-x86_64