CRAN Package Check Results for Package imager

Last updated on 2021-12-02 04:02:22 CET.

Flavor Version Tinstall Tcheck Ttotal Status Flags
r-devel-linux-x86_64-debian-clang 0.42.11 599.52 179.17 778.69 OK
r-devel-linux-x86_64-debian-gcc 0.42.11 554.06 140.74 694.80 OK
r-devel-linux-x86_64-fedora-clang 0.42.11 1136.60 NOTE
r-devel-linux-x86_64-fedora-gcc 0.42.11 1184.73 OK
r-devel-windows-x86_64-new-UL 0.42.11 759.00 331.00 1090.00 NOTE
r-devel-windows-x86_64-new-TK 0.42.11 OK
r-devel-windows-x86_64-old 0.42.11 710.00 187.00 897.00 NOTE
r-patched-linux-x86_64 0.42.11 584.52 171.13 755.65 OK
r-patched-solaris-x86 0.42.11 855.90 NOTE
r-release-linux-x86_64 0.42.11 598.62 171.62 770.24 OK
r-release-macos-arm64 0.42.11 NOTE
r-release-macos-x86_64 0.42.11 NOTE
r-release-windows-ix86+x86_64 0.42.11 1375.00 369.00 1744.00 NOTE
r-oldrel-macos-x86_64 0.42.11 NOTE
r-oldrel-windows-ix86+x86_64 0.42.11 1381.00 374.00 1755.00 NOTE

Check Details

Version: 0.42.11
Check: installed package size
Result: NOTE
     installed size is 43.3Mb
     sub-directories of 1Mb or more:
     data 1.4Mb
     doc 4.4Mb
     extdata 1.1Mb
     include 3.0Mb
     libs 32.7Mb
Flavors: r-devel-linux-x86_64-fedora-clang, r-devel-windows-x86_64-new-UL, r-devel-windows-x86_64-old, r-patched-solaris-x86, r-release-macos-arm64, r-release-macos-x86_64, r-release-windows-ix86+x86_64, r-oldrel-macos-x86_64, r-oldrel-windows-ix86+x86_64