CRAN Package Check Results for Package immcp

Last updated on 2021-11-30 11:51:59 CET.

Flavor Version Tinstall Tcheck Ttotal Status Flags
r-devel-linux-x86_64-debian-clang 0.9.2 50.60 470.99 521.59 OK
r-devel-linux-x86_64-debian-gcc 0.9.2 42.77 368.16 410.93 OK
r-devel-linux-x86_64-fedora-clang 0.9.2 653.23 NOTE
r-devel-linux-x86_64-fedora-gcc 0.9.2 651.14 NOTE
r-devel-windows-x86_64-new-UL 0.9.2 84.00 538.00 622.00 OK
r-devel-windows-x86_64-new-TK 0.9.2 NOTE
r-devel-windows-x86_64-old 0.9.2 74.00 388.00 462.00 OK
r-patched-linux-x86_64 0.9.2 49.35 456.29 505.64 OK
r-patched-solaris-x86 0.9.2 881.00 NOTE
r-release-linux-x86_64 0.9.2 46.78 460.59 507.37 OK
r-release-macos-arm64 0.9.2 NOTE
r-release-macos-x86_64 0.9.2 NOTE
r-release-windows-ix86+x86_64 0.9.2 114.00 388.00 502.00 OK
r-oldrel-macos-x86_64 0.9.2 ERROR
r-oldrel-windows-ix86+x86_64 0.9.2 61.00 336.00 397.00 OK

Check Details

Version: 0.9.2
Check: dependencies in R code
Result: NOTE
    Namespaces in Imports field not imported from:
     ‘methods’ ‘reshape2’
     All declared Imports should be used.
Flavors: r-devel-linux-x86_64-fedora-clang, r-devel-linux-x86_64-fedora-gcc, r-devel-windows-x86_64-new-TK, r-patched-solaris-x86, r-release-macos-arm64, r-release-macos-x86_64

Version: 0.9.2
Check: package dependencies
Result: ERROR
    Package required but not available: ‘clusterProfiler’
    
    See section ‘The DESCRIPTION file’ in the ‘Writing R Extensions’
    manual.
Flavor: r-oldrel-macos-x86_64