CRAN Package Check Results for Package immunarch

Last updated on 2021-10-24 16:54:06 CEST.

Flavor Version Tinstall Tcheck Ttotal Status Flags
r-devel-linux-x86_64-debian-clang 0.6.6 41.29 309.56 350.85 OK
r-devel-linux-x86_64-debian-gcc 0.6.6 32.27 232.68 264.95 OK
r-devel-linux-x86_64-fedora-clang 0.6.6 403.70 NOTE
r-devel-linux-x86_64-fedora-gcc 0.6.6 383.92 NOTE
r-devel-windows-x86_64 0.6.6 61.00 378.00 439.00 NOTE
r-devel-windows-x86_64-gcc10-UCRT 0.6.6 NOTE
r-patched-linux-x86_64 0.6.6 46.65 285.32 331.97 OK
r-patched-solaris-x86 0.6.6 522.30 NOTE
r-release-linux-x86_64 0.6.6 37.58 286.12 323.70 OK
r-release-macos-arm64 0.6.6 NOTE
r-release-macos-x86_64 0.6.6 NOTE
r-release-windows-ix86+x86_64 0.6.6 62.00 590.00 652.00 NOTE
r-oldrel-macos-x86_64 0.6.6 NOTE
r-oldrel-windows-ix86+x86_64 0.6.6 97.00 647.00 744.00 NOTE

Check Details

Version: 0.6.6
Check: package dependencies
Result: NOTE
    Imports includes 25 non-default packages.
    Importing from so many packages makes the package vulnerable to any of
    them becoming unavailable. Move as many as possible to Suggests and
    use conditionally.
Flavor: r-devel-linux-x86_64-fedora-clang

Version: 0.6.6
Check: installed package size
Result: NOTE
     installed size is 7.9Mb
     sub-directories of 1Mb or more:
     data 4.3Mb
     doc 1.6Mb
Flavors: r-devel-linux-x86_64-fedora-clang, r-devel-windows-x86_64, r-patched-solaris-x86, r-release-macos-arm64, r-release-macos-x86_64, r-release-windows-ix86+x86_64, r-oldrel-macos-x86_64, r-oldrel-windows-ix86+x86_64

Version: 0.6.6
Check: dependencies in R code
Result: NOTE
    Namespace in Imports field not imported from: ‘dbplyr’
     All declared Imports should be used.
Flavors: r-devel-linux-x86_64-fedora-clang, r-devel-linux-x86_64-fedora-gcc, r-devel-windows-x86_64-gcc10-UCRT, r-patched-solaris-x86, r-release-macos-arm64, r-release-macos-x86_64, r-oldrel-macos-x86_64