CRAN Package Check Results for Package impactflu

Last updated on 2024-04-24 00:55:46 CEST.

Flavor Version Tinstall Tcheck Ttotal Status Flags
r-devel-linux-x86_64-debian-clang 0.1.0 38.80 56.03 94.83 NOTE
r-devel-linux-x86_64-debian-gcc 0.1.0 26.59 41.23 67.82 NOTE
r-devel-linux-x86_64-fedora-clang 0.1.0 124.99 NOTE
r-devel-linux-x86_64-fedora-gcc 0.1.0 118.76 NOTE
r-prerel-macos-arm64 0.1.0 31.00 NOTE
r-prerel-windows-x86_64 0.1.0 31.00 77.00 108.00 NOTE
r-patched-linux-x86_64 0.1.0 34.45 51.42 85.87 NOTE
r-release-linux-x86_64 0.1.0 32.81 52.39 85.20 NOTE
r-release-macos-arm64 0.1.0 35.00 NOTE
r-release-macos-x86_64 0.1.0 57.00 NOTE
r-release-windows-x86_64 0.1.0 36.00 88.00 124.00 NOTE
r-oldrel-macos-arm64 0.1.0 31.00 NOTE
r-oldrel-windows-x86_64 0.1.0 35.00 87.00 122.00 NOTE

Check Details

Version: 0.1.0
Check: LazyData
Result: NOTE 'LazyData' is specified without a 'data' directory Flavors: r-devel-linux-x86_64-debian-clang, r-devel-linux-x86_64-debian-gcc, r-devel-linux-x86_64-fedora-clang, r-devel-linux-x86_64-fedora-gcc, r-prerel-macos-arm64, r-prerel-windows-x86_64, r-patched-linux-x86_64, r-release-linux-x86_64, r-release-macos-arm64, r-release-macos-x86_64, r-release-windows-x86_64, r-oldrel-macos-arm64, r-oldrel-windows-x86_64