Last updated on 2023-03-23 07:54:29 CET.
Flavor | Version | Tinstall | Tcheck | Ttotal | Status | Flags |
---|---|---|---|---|---|---|
r-devel-linux-x86_64-debian-clang | 1.0.1 | 27.31 | 58.85 | 86.16 | NOTE | |
r-devel-linux-x86_64-debian-gcc | 1.0.1 | 20.11 | 44.51 | 64.62 | NOTE | |
r-devel-linux-x86_64-fedora-clang | 1.0.1 | 115.26 | NOTE | |||
r-devel-linux-x86_64-fedora-gcc | 1.0.1 | 104.07 | NOTE | |||
r-patched-linux-x86_64 | 1.0.1 | 30.96 | 54.25 | 85.21 | OK | |
r-release-linux-x86_64 | 1.0.1 | 17.79 | 57.88 | 75.67 | OK | |
r-release-macos-arm64 | 1.0.1 | 33.00 | NOTE | |||
r-release-macos-x86_64 | 1.0.1 | 64.00 | NOTE | |||
r-release-windows-x86_64 | 1.0.1 | 32.00 | 112.00 | 144.00 | OK | |
r-oldrel-macos-arm64 | 1.0.1 | 40.00 | NOTE | |||
r-oldrel-macos-x86_64 | 1.0.1 | 67.00 | NOTE | |||
r-oldrel-windows-ix86+x86_64 | 1.0.1 | 62.00 | 120.00 | 182.00 | OK |
Version: 1.0.1
Check: C++ specification
Result: NOTE
Specified C++11: please drop specification unless essential
Flavors: r-devel-linux-x86_64-debian-clang, r-devel-linux-x86_64-debian-gcc, r-devel-linux-x86_64-fedora-clang, r-devel-linux-x86_64-fedora-gcc
Version: 1.0.1
Check: dependencies in R code
Result: NOTE
Namespace in Imports field not imported from: ‘testthat’
All declared Imports should be used.
Flavors: r-devel-linux-x86_64-fedora-clang, r-devel-linux-x86_64-fedora-gcc, r-release-macos-arm64, r-release-macos-x86_64, r-oldrel-macos-arm64, r-oldrel-macos-x86_64