CRAN Package Check Results for Package influenceAUC

Last updated on 2022-01-22 07:52:46 CET.

Flavor Version Tinstall Tcheck Ttotal Status Flags
r-devel-linux-x86_64-debian-clang 0.1.2 5.57 67.57 73.14 NOTE
r-devel-linux-x86_64-debian-gcc 0.1.2 4.69 50.77 55.46 NOTE
r-devel-linux-x86_64-fedora-clang 0.1.2 86.76 NOTE
r-devel-linux-x86_64-fedora-gcc 0.1.2 74.87 NOTE
r-devel-windows-x86_64-new-UL 0.1.2 53.00 86.00 139.00 NOTE
r-devel-windows-x86_64-new-TK 0.1.2 NOTE
r-patched-linux-x86_64 0.1.2 5.50 62.40 67.90 NOTE
r-release-linux-x86_64 0.1.2 4.79 61.92 66.71 NOTE
r-release-macos-arm64 0.1.2 NOTE
r-release-macos-x86_64 0.1.2 NOTE
r-release-windows-ix86+x86_64 0.1.2 15.00 76.00 91.00 NOTE
r-oldrel-macos-x86_64 0.1.2 OK
r-oldrel-windows-ix86+x86_64 0.1.2 15.00 80.00 95.00 OK

Check Details

Version: 0.1.2
Check: LazyData
Result: NOTE
     'LazyData' is specified without a 'data' directory
Flavors: r-devel-linux-x86_64-debian-clang, r-devel-linux-x86_64-debian-gcc, r-devel-linux-x86_64-fedora-clang, r-devel-linux-x86_64-fedora-gcc, r-devel-windows-x86_64-new-UL, r-devel-windows-x86_64-new-TK, r-patched-linux-x86_64, r-release-linux-x86_64, r-release-macos-arm64, r-release-macos-x86_64, r-release-windows-ix86+x86_64