Last updated on 2023-05-28 16:57:52 CEST.
Flavor | Version | Tinstall | Tcheck | Ttotal | Status | Flags |
---|---|---|---|---|---|---|
r-devel-linux-x86_64-debian-clang | 2.2.7 | 7.30 | 61.39 | 68.69 | OK | |
r-devel-linux-x86_64-debian-gcc | 2.2.7 | 6.16 | 46.74 | 52.90 | OK | |
r-devel-linux-x86_64-fedora-clang | 2.2.7 | 85.09 | OK | |||
r-devel-linux-x86_64-fedora-gcc | 2.2.7 | 90.45 | OK | |||
r-devel-windows-x86_64 | 2.2.7 | 9.00 | 74.00 | 83.00 | OK | |
r-patched-linux-x86_64 | 2.2.7 | 5.43 | 58.06 | 63.49 | OK | |
r-release-linux-x86_64 | 2.2.7 | 6.67 | 57.18 | 63.85 | OK | |
r-release-macos-arm64 | 2.2.7 | 34.00 | OK | |||
r-release-macos-x86_64 | 2.2.6 | 50.00 | NOTE | |||
r-release-windows-x86_64 | 2.2.7 | 10.00 | 83.00 | 93.00 | OK | |
r-oldrel-macos-arm64 | 2.2.7 | 31.00 | OK | |||
r-oldrel-macos-x86_64 | 2.2.7 | 40.00 | OK | |||
r-oldrel-windows-x86_64 | 2.2.7 | 10.00 | 80.00 | 90.00 | OK |
Version: 2.2.6
Check: package dependencies
Result: NOTE
Package suggested but not available for checking: ‘NNS’
Flavor: r-release-macos-x86_64
Version: 2.2.6
Check: Rd cross-references
Result: NOTE
Package unavailable to check Rd xrefs: ‘NNS’
Flavor: r-release-macos-x86_64