CRAN Package Check Results for Package inlmisc

Last updated on 2021-12-08 03:58:22 CET.

Flavor Version Tinstall Tcheck Ttotal Status Flags
r-devel-linux-x86_64-debian-clang 0.5.2 31.62 298.65 330.27 NOTE
r-devel-linux-x86_64-debian-gcc 0.5.2 24.17 218.64 242.81 NOTE
r-devel-linux-x86_64-fedora-clang 0.5.2 396.85 NOTE
r-devel-linux-x86_64-fedora-gcc 0.5.2 382.14 NOTE
r-devel-windows-x86_64-new-UL 0.5.2 57.00 351.00 408.00 NOTE
r-devel-windows-x86_64-new-TK 0.5.2 NOTE
r-devel-windows-x86_64-old 0.5.2 49.00 321.00 370.00 NOTE
r-patched-linux-x86_64 0.5.2 35.60 278.50 314.10 NOTE
r-release-linux-x86_64 0.5.2 29.35 278.40 307.75 NOTE
r-release-macos-arm64 0.5.2 NOTE
r-release-macos-x86_64 0.5.2 NOTE
r-release-windows-ix86+x86_64 0.5.2 51.00 388.00 439.00 NOTE
r-oldrel-macos-x86_64 0.5.2 OK
r-oldrel-windows-ix86+x86_64 0.5.2 73.00 472.00 545.00 OK

Check Details

Version: 0.5.2
Check: LazyData
Result: NOTE
     'LazyData' is specified without a 'data' directory
     'LazyDataCompression' is specified without a 'data' directory
Flavors: r-devel-linux-x86_64-debian-clang, r-devel-linux-x86_64-debian-gcc, r-devel-linux-x86_64-fedora-clang, r-devel-linux-x86_64-fedora-gcc, r-devel-windows-x86_64-new-UL, r-devel-windows-x86_64-new-TK, r-devel-windows-x86_64-old, r-patched-linux-x86_64, r-release-linux-x86_64, r-release-macos-arm64, r-release-macos-x86_64, r-release-windows-ix86+x86_64