Last updated on 2023-10-03 09:08:20 CEST.
Flavor | Version | Tinstall | Tcheck | Ttotal | Status | Flags |
---|---|---|---|---|---|---|
r-devel-linux-x86_64-debian-clang | 2.0.0 | 44.96 | 412.18 | 457.14 | NOTE | |
r-devel-linux-x86_64-debian-gcc | 2.0.0 | 33.32 | 299.79 | 333.11 | NOTE | |
r-devel-linux-x86_64-fedora-clang | 2.0.0 | 558.52 | OK | |||
r-devel-linux-x86_64-fedora-gcc | 2.0.0 | 540.57 | OK | |||
r-devel-windows-x86_64 | 2.0.0 | 32.00 | 249.00 | 281.00 | NOTE | |
r-patched-linux-x86_64 | 2.0.0 | 28.10 | 388.68 | 416.78 | NOTE | |
r-release-linux-x86_64 | 2.0.0 | 30.13 | 391.44 | 421.57 | NOTE | |
r-release-macos-arm64 | 2.0.0 | 143.00 | NOTE | |||
r-release-macos-x86_64 | 2.0.0 | 408.00 | NOTE | |||
r-release-windows-x86_64 | 2.0.0 | 50.00 | 363.00 | 413.00 | NOTE | |
r-oldrel-macos-arm64 | 2.0.0 | 139.00 | NOTE | |||
r-oldrel-macos-x86_64 | 2.0.0 | 188.00 | NOTE | |||
r-oldrel-windows-x86_64 | 2.0.0 | 50.00 | 344.00 | 394.00 | NOTE |
Version: 2.0.0
Check: package dependencies
Result: NOTE
Package suggested but not available for checking: ‘INLA’
Flavors: r-devel-linux-x86_64-debian-clang, r-devel-linux-x86_64-debian-gcc, r-devel-windows-x86_64, r-patched-linux-x86_64, r-release-linux-x86_64, r-release-macos-arm64, r-release-macos-x86_64, r-release-windows-x86_64, r-oldrel-macos-arm64, r-oldrel-macos-x86_64, r-oldrel-windows-x86_64
Version: 2.0.0
Check: Rd cross-references
Result: NOTE
Package unavailable to check Rd xrefs: ‘INLA’
Flavors: r-devel-linux-x86_64-debian-clang, r-devel-linux-x86_64-debian-gcc, r-devel-windows-x86_64, r-patched-linux-x86_64, r-release-linux-x86_64, r-release-macos-arm64, r-release-macos-x86_64, r-release-windows-x86_64, r-oldrel-macos-arm64, r-oldrel-macos-x86_64, r-oldrel-windows-x86_64