Last updated on 2023-03-23 07:54:29 CET.
Flavor | Version | Tinstall | Tcheck | Ttotal | Status | Flags |
---|---|---|---|---|---|---|
r-devel-linux-x86_64-debian-clang | 0.1.3 | 55.06 | 39.47 | 94.53 | NOTE | |
r-devel-linux-x86_64-debian-gcc | 0.1.3 | 44.84 | 33.33 | 78.17 | NOTE | |
r-devel-linux-x86_64-fedora-clang | 0.1.3 | 144.74 | NOTE | |||
r-devel-linux-x86_64-fedora-gcc | 0.1.3 | 143.79 | NOTE | |||
r-patched-linux-x86_64 | 0.1.3 | 55.38 | 41.51 | 96.89 | OK | |
r-release-linux-x86_64 | 0.1.3 | 54.57 | 41.33 | 95.90 | OK | |
r-release-macos-arm64 | 0.1.3 | 39.00 | NOTE | |||
r-release-macos-x86_64 | 0.1.3 | 53.00 | NOTE | |||
r-release-windows-x86_64 | 0.1.3 | 55.00 | 123.00 | 178.00 | OK | |
r-oldrel-macos-arm64 | 0.1.3 | 51.00 | NOTE | |||
r-oldrel-macos-x86_64 | 0.1.3 | 55.00 | NOTE | |||
r-oldrel-windows-ix86+x86_64 | 0.1.3 | 143.00 | 97.00 | 240.00 | OK |
Version: 0.1.3
Check: C++ specification
Result: NOTE
Specified C++11: please drop specification unless essential
Flavors: r-devel-linux-x86_64-debian-clang, r-devel-linux-x86_64-debian-gcc, r-devel-linux-x86_64-fedora-clang, r-devel-linux-x86_64-fedora-gcc
Version: 0.1.3
Check: installed package size
Result: NOTE
installed size is 11.4Mb
sub-directories of 1Mb or more:
libs 11.2Mb
Flavors: r-release-macos-arm64, r-release-macos-x86_64, r-oldrel-macos-arm64, r-oldrel-macos-x86_64