CRAN Package Check Results for Package interactions

Last updated on 2021-10-26 20:50:56 CEST.

Flavor Version Tinstall Tcheck Ttotal Status Flags
r-devel-linux-x86_64-debian-clang 1.1.5 9.71 256.61 266.32 OK
r-devel-linux-x86_64-debian-gcc 1.1.5 7.39 182.39 189.78 OK
r-devel-linux-x86_64-fedora-clang 1.1.5 325.99 NOTE
r-devel-linux-x86_64-fedora-gcc 1.1.5 323.87 OK
r-devel-windows-x86_64 1.1.5 16.00 314.00 330.00 OK
r-devel-windows-x86_64-gcc10-UCRT 1.1.5 OK
r-patched-linux-x86_64 1.1.5 11.31 238.65 249.96 OK
r-patched-solaris-x86 1.1.5 342.10 OK
r-release-linux-x86_64 1.1.5 10.49 239.17 249.66 OK
r-release-macos-arm64 1.1.5 OK
r-release-macos-x86_64 1.1.5 OK
r-release-windows-ix86+x86_64 1.1.5 13.00 307.00 320.00 OK
r-oldrel-macos-x86_64 1.1.5 OK
r-oldrel-windows-ix86+x86_64 1.1.5 20.00 349.00 369.00 OK

Check Details

Version: 1.1.5
Check: Rd cross-references
Result: NOTE
    Undeclared packages ‘quantreg’, ‘effects’, ‘Hmisc’, ‘rockchalk’, ‘pequod’ in Rd xrefs
Flavor: r-devel-linux-x86_64-fedora-clang