CRAN Package Check Results for Package interimApp

Last updated on 2023-10-03 17:05:57 CEST.

Flavor Version Tinstall Tcheck Ttotal Status Flags
r-devel-linux-x86_64-debian-clang 0.0.1 5.01 41.23 46.24 NOTE
r-devel-linux-x86_64-debian-gcc 0.0.1 3.05 32.61 35.66 NOTE
r-devel-linux-x86_64-fedora-clang 0.0.1 56.23 NOTE
r-devel-linux-x86_64-fedora-gcc 0.0.1 56.49 NOTE
r-devel-windows-x86_64 0.0.1 6.00 58.00 64.00 NOTE
r-patched-linux-x86_64 0.0.1 2.91 40.52 43.43 NOTE
r-release-linux-x86_64 0.0.1 3.20 40.70 43.90 NOTE
r-release-macos-arm64 0.0.1 22.00 NOTE
r-release-macos-x86_64 0.0.1 32.00 NOTE
r-release-windows-x86_64 0.0.1 7.00 64.00 71.00 NOTE
r-oldrel-macos-arm64 0.0.1 22.00 NOTE
r-oldrel-macos-x86_64 0.0.1 38.00 NOTE
r-oldrel-windows-x86_64 0.0.1 8.00 69.00 77.00 NOTE

Check Details

Version: 0.0.1
Check: LazyData
Result: NOTE
     'LazyData' is specified without a 'data' directory
Flavors: r-devel-linux-x86_64-debian-clang, r-devel-linux-x86_64-debian-gcc, r-devel-linux-x86_64-fedora-clang, r-devel-linux-x86_64-fedora-gcc, r-devel-windows-x86_64, r-patched-linux-x86_64, r-release-linux-x86_64, r-release-macos-arm64, r-release-macos-x86_64, r-release-windows-x86_64, r-oldrel-macos-arm64, r-oldrel-macos-x86_64, r-oldrel-windows-x86_64