CRAN Package Check Results for Package interp

Last updated on 2021-11-27 19:49:37 CET.

Flavor Version Tinstall Tcheck Ttotal Status Flags
r-devel-linux-x86_64-debian-clang 1.0-33 OK
r-devel-linux-x86_64-debian-gcc 1.0-33 84.41 33.19 117.60 OK
r-devel-linux-x86_64-fedora-clang 1.0-33 223.31 NOTE
r-devel-linux-x86_64-fedora-gcc 1.0-33 208.94 OK
r-devel-windows-x86_64-new-UL 1.0-33 135.00 150.00 285.00 OK
r-devel-windows-x86_64-new-TK 1.0-33 OK
r-devel-windows-x86_64-old 1.0-33 86.00 124.00 210.00 OK
r-patched-linux-x86_64 1.0-33 102.17 41.21 143.38 OK
r-patched-solaris-x86 1.0-33 183.60 OK
r-release-linux-x86_64 1.0-33 OK
r-release-macos-arm64 1.0-33 NOTE
r-release-macos-x86_64 1.0-33 NOTE
r-release-windows-ix86+x86_64 1.0-33 235.00 79.00 314.00 OK
r-oldrel-macos-x86_64 1.0-33 NOTE
r-oldrel-windows-ix86+x86_64 1.0-33 174.00 115.00 289.00 OK

Check Details

Version: 1.0-33
Check: installed package size
Result: NOTE
     installed size is 24.9Mb
     sub-directories of 1Mb or more:
     libs 24.6Mb
Flavors: r-devel-linux-x86_64-fedora-clang, r-release-macos-arm64, r-release-macos-x86_64, r-oldrel-macos-x86_64

Version: 1.0-33
Check: Rd cross-references
Result: NOTE
    Undeclared packages ‘RcppEigen’, ‘tripack’ in Rd xrefs
Flavor: r-devel-linux-x86_64-fedora-clang