Last updated on 2023-04-02 13:51:47 CEST.
Flavor | Version | Tinstall | Tcheck | Ttotal | Status | Flags |
---|---|---|---|---|---|---|
r-devel-linux-x86_64-debian-clang | 1.1-3 | 151.80 | 207.17 | 358.97 | WARN | |
r-devel-linux-x86_64-debian-gcc | 1.1-4 | 136.45 | 179.05 | 315.50 | OK | |
r-devel-linux-x86_64-fedora-clang | 1.1-4 | 548.12 | OK | |||
r-devel-linux-x86_64-fedora-gcc | 1.1-4 | 550.17 | OK | |||
r-devel-windows-x86_64 | 1.1-4 | 154.00 | 369.00 | 523.00 | OK | |
r-patched-linux-x86_64 | 1.1-4 | 150.65 | 225.73 | 376.38 | OK | |
r-release-linux-x86_64 | 1.1-3 | 128.25 | 204.23 | 332.48 | OK | |
r-release-macos-arm64 | 1.1-3 | 53.00 | ERROR | |||
r-release-macos-x86_64 | 1.1-4 | 235.00 | NOTE | |||
r-release-windows-x86_64 | 1.1-4 | 120.00 | 354.00 | 474.00 | OK | |
r-oldrel-macos-arm64 | 1.1-3 | 150.00 | NOTE | |||
r-oldrel-macos-x86_64 | 1.1-4 | 259.00 | NOTE | |||
r-oldrel-windows-ix86+x86_64 | 1.1-3 | 314.00 | 284.00 | 598.00 | OK |
Version: 1.1-3
Check: whether package can be installed
Result: WARN
Found the following significant warnings:
aSpline.cpp:83:15: warning: variable 'xm1' is uninitialized when used here [-Wuninitialized]
See ‘/home/hornik/tmp/R.check/r-devel-clang/Work/PKGS/interp.Rcheck/00install.out’ for details.
* used C compiler: ‘Debian clang version 15.0.6’
* used Fortran compiler: ‘GNU Fortran (Debian 12.2.0-14) 12.2.0’
* used C++ compiler: ‘Debian clang version 15.0.6’
Flavor: r-devel-linux-x86_64-debian-clang
Version: 1.1-3
Check: whether package can be installed
Result: ERROR
Installation failed.
Flavor: r-release-macos-arm64
Version: 1.1-4
Check: installed package size
Result: NOTE
installed size is 33.4Mb
sub-directories of 1Mb or more:
doc 1.1Mb
libs 32.0Mb
Flavors: r-release-macos-x86_64, r-oldrel-macos-x86_64
Version: 1.1-3
Check: installed package size
Result: NOTE
installed size is 31.9Mb
sub-directories of 1Mb or more:
libs 31.0Mb
Flavor: r-oldrel-macos-arm64