CRAN Package Check Results for Package interplot

Last updated on 2023-09-27 13:04:32 CEST.

Flavor Version Tinstall Tcheck Ttotal Status Flags
r-devel-linux-x86_64-debian-clang 0.2.3 17.41 150.12 167.53 NOTE
r-devel-linux-x86_64-debian-gcc 0.2.3 12.92 110.26 123.18 NOTE
r-devel-linux-x86_64-fedora-clang 0.2.3 204.85 NOTE
r-devel-linux-x86_64-fedora-gcc 0.2.3 212.52 NOTE
r-devel-windows-x86_64 0.2.3 15.00 110.00 125.00 NOTE
r-patched-linux-x86_64 0.2.3 12.29 141.74 154.03 NOTE
r-release-linux-x86_64 0.2.3 11.44 141.24 152.68 NOTE
r-release-macos-arm64 0.2.3 66.00 NOTE
r-release-macos-x86_64 0.2.3 109.00 NOTE
r-release-windows-x86_64 0.2.3 19.00 150.00 169.00 NOTE
r-oldrel-macos-arm64 0.2.3 62.00 NOTE
r-oldrel-macos-x86_64 0.2.3 93.00 NOTE
r-oldrel-windows-x86_64 0.2.3 21.00 153.00 174.00 NOTE

Check Details

Version: 0.2.3
Check: LazyData
Result: NOTE
     'LazyData' is specified without a 'data' directory
Flavors: r-devel-linux-x86_64-debian-clang, r-devel-linux-x86_64-debian-gcc, r-devel-linux-x86_64-fedora-clang, r-devel-linux-x86_64-fedora-gcc, r-devel-windows-x86_64, r-patched-linux-x86_64, r-release-linux-x86_64, r-release-macos-arm64, r-release-macos-x86_64, r-release-windows-x86_64, r-oldrel-macos-arm64, r-oldrel-macos-x86_64, r-oldrel-windows-x86_64