CRAN Package Check Results for Package interplot

Last updated on 2022-12-02 19:49:42 CET.

Flavor Version Tinstall Tcheck Ttotal Status Flags
r-devel-linux-x86_64-debian-clang 0.2.3 18.13 149.41 167.54 NOTE
r-devel-linux-x86_64-debian-gcc 0.2.3 15.12 114.25 129.37 NOTE
r-devel-linux-x86_64-fedora-clang 0.2.3 223.56 NOTE
r-devel-linux-x86_64-fedora-gcc 0.2.3 225.93 NOTE
r-devel-windows-x86_64 0.2.3 25.00 179.00 204.00 NOTE
r-patched-linux-x86_64 0.2.3 16.33 142.61 158.94 NOTE
r-release-linux-x86_64 0.2.3 17.67 145.09 162.76 NOTE
r-release-macos-arm64 0.2.3 62.00 NOTE
r-release-macos-x86_64 0.2.3 93.00 NOTE
r-release-windows-x86_64 0.2.3 25.00 185.00 210.00 NOTE
r-oldrel-macos-arm64 0.2.3 81.00 NOTE
r-oldrel-macos-x86_64 0.2.3 132.00 NOTE
r-oldrel-windows-ix86+x86_64 0.2.3 36.00 177.00 213.00 NOTE

Check Details

Version: 0.2.3
Check: LazyData
Result: NOTE
     'LazyData' is specified without a 'data' directory
Flavors: r-devel-linux-x86_64-debian-clang, r-devel-linux-x86_64-debian-gcc, r-devel-linux-x86_64-fedora-clang, r-devel-linux-x86_64-fedora-gcc, r-devel-windows-x86_64, r-patched-linux-x86_64, r-release-linux-x86_64, r-release-macos-arm64, r-release-macos-x86_64, r-release-windows-x86_64, r-oldrel-macos-arm64, r-oldrel-macos-x86_64, r-oldrel-windows-ix86+x86_64