CRAN Package Check Results for Package ipaddress

Last updated on 2021-11-27 07:49:52 CET.

Flavor Version Tinstall Tcheck Ttotal Status Flags
r-devel-linux-x86_64-debian-clang 0.5.3 OK
r-devel-linux-x86_64-debian-gcc 0.5.3 101.66 38.02 139.68 OK
r-devel-linux-x86_64-fedora-clang 0.5.3 303.51 NOTE
r-devel-linux-x86_64-fedora-gcc 0.5.3 270.41 OK
r-devel-windows-x86_64-new-UL 0.5.3 192.00 130.00 322.00 OK
r-devel-windows-x86_64-new-TK 0.5.3 OK
r-devel-windows-x86_64-old 0.5.3 137.00 89.00 226.00 OK
r-patched-linux-x86_64 0.5.3 119.91 48.65 168.56 OK
r-patched-solaris-x86 0.5.3 239.80 OK
r-release-linux-x86_64 0.5.3 OK
r-release-macos-arm64 0.5.3 NOTE
r-release-macos-x86_64 0.5.3 NOTE
r-release-windows-ix86+x86_64 0.5.3 347.00 85.00 432.00 OK
r-oldrel-macos-x86_64 0.5.3 NOTE
r-oldrel-windows-ix86+x86_64 0.5.3 244.00 116.00 360.00 OK

Check Details

Version: 0.5.3
Check: installed package size
Result: NOTE
     installed size is 7.5Mb
     sub-directories of 1Mb or more:
     libs 7.0Mb
Flavors: r-devel-linux-x86_64-fedora-clang, r-release-macos-arm64, r-release-macos-x86_64, r-oldrel-macos-x86_64