CRAN Package Check Results for Package ips

Last updated on 2022-01-19 23:49:01 CET.

Flavor Version Tinstall Tcheck Ttotal Status Flags
r-devel-linux-x86_64-debian-clang 0.0.11 OK
r-devel-linux-x86_64-debian-gcc 0.0.11 12.42 86.29 98.71 OK
r-devel-linux-x86_64-fedora-clang 0.0.11 152.49 NOTE
r-devel-linux-x86_64-fedora-gcc 0.0.11 140.17 NOTE
r-devel-windows-x86_64-new-UL 0.0.11 64.00 131.00 195.00 OK
r-devel-windows-x86_64-new-TK 0.0.11 NOTE
r-patched-linux-x86_64 0.0.11 20.59 108.03 128.62 OK
r-release-linux-x86_64 0.0.11 OK
r-release-macos-arm64 0.0.11 NOTE
r-release-macos-x86_64 0.0.11 NOTE
r-release-windows-ix86+x86_64 0.0.11 27.00 122.00 149.00 OK
r-oldrel-macos-x86_64 0.0.11 NOTE
r-oldrel-windows-ix86+x86_64 0.0.11 27.00 123.00 150.00 OK

Check Details

Version: 0.0.11
Check: dependencies in R code
Result: NOTE
    Namespace in Imports field not imported from: ‘seqinr’
     All declared Imports should be used.
Flavors: r-devel-linux-x86_64-fedora-clang, r-devel-linux-x86_64-fedora-gcc, r-devel-windows-x86_64-new-TK, r-release-macos-arm64, r-release-macos-x86_64, r-oldrel-macos-x86_64