CRAN Package Check Results for Package ipumsr

Last updated on 2021-09-17 16:50:13 CEST.

Flavor Version Tinstall Tcheck Ttotal Status Flags
r-devel-linux-x86_64-debian-clang 0.4.5 13.56 132.30 145.86 NOTE
r-devel-linux-x86_64-debian-gcc 0.4.5 10.68 97.81 108.49 NOTE
r-devel-linux-x86_64-fedora-clang 0.4.5 170.98 NOTE
r-devel-linux-x86_64-fedora-gcc 0.4.5 155.51 NOTE
r-devel-windows-x86_64 0.4.5 14.00 177.00 191.00 NOTE
r-devel-windows-x86_64-gcc10-UCRT 0.4.5 NOTE
r-patched-linux-x86_64 0.4.5 12.43 132.91 145.34 NOTE
r-patched-solaris-x86 0.4.5 227.90 NOTE
r-release-linux-x86_64 0.4.5 10.88 133.73 144.61 NOTE
r-release-macos-arm64 0.4.5 NOTE
r-release-macos-x86_64 0.4.5 NOTE
r-release-windows-ix86+x86_64 0.4.5 24.00 138.00 162.00 NOTE
r-oldrel-macos-x86_64 0.4.5 OK
r-oldrel-windows-ix86+x86_64 0.4.5 23.00 138.00 161.00 OK

Check Details

Version: 0.4.5
Check: LazyData
Result: NOTE
     'LazyData' is specified without a 'data' directory
Flavors: r-devel-linux-x86_64-debian-clang, r-devel-linux-x86_64-debian-gcc, r-devel-linux-x86_64-fedora-clang, r-devel-linux-x86_64-fedora-gcc, r-devel-windows-x86_64, r-devel-windows-x86_64-gcc10-UCRT, r-patched-linux-x86_64, r-patched-solaris-x86, r-release-linux-x86_64, r-release-macos-arm64, r-release-macos-x86_64, r-release-windows-ix86+x86_64