CRAN Package Check Results for Package iq

Last updated on 2023-03-25 23:51:45 CET.

Flavor Version Tinstall Tcheck Ttotal Status Flags
r-devel-linux-x86_64-debian-clang 1.9.9 30.26 36.78 67.04 OK
r-devel-linux-x86_64-debian-gcc 1.9.9 22.10 29.20 51.30 OK
r-devel-linux-x86_64-fedora-clang 1.9.9 84.83 OK
r-devel-linux-x86_64-fedora-gcc 1.9.9 93.37 OK
r-patched-linux-x86_64 1.9.9 23.12 37.45 60.57 OK
r-release-linux-x86_64 1.9.9 24.07 37.43 61.50 OK
r-release-macos-arm64 1.9.9 32.00 NOTE
r-release-macos-x86_64 1.9.9 38.00 NOTE
r-release-windows-x86_64 1.9.9 32.00 106.00 138.00 OK
r-oldrel-macos-arm64 1.9.9 31.00 NOTE
r-oldrel-macos-x86_64 1.9.9 50.00 NOTE
r-oldrel-windows-ix86+x86_64 1.9.9 60.00 90.00 150.00 OK

Check Details

Version: 1.9.9
Check: installed package size
Result: NOTE
     installed size is 7.4Mb
     sub-directories of 1Mb or more:
     libs 6.8Mb
Flavors: r-release-macos-arm64, r-release-macos-x86_64, r-oldrel-macos-arm64, r-oldrel-macos-x86_64