Last updated on 2023-05-28 13:02:04 CEST.
Flavor | Version | Tinstall | Tcheck | Ttotal | Status | Flags |
---|---|---|---|---|---|---|
r-devel-linux-x86_64-debian-clang | 0.2.1 | 12.52 | 259.93 | 272.45 | NOTE | |
r-devel-linux-x86_64-debian-gcc | 0.2.1 | 9.82 | 194.94 | 204.76 | NOTE | |
r-devel-linux-x86_64-fedora-clang | 0.2.1 | 352.96 | NOTE | |||
r-devel-linux-x86_64-fedora-gcc | 0.2.1 | 366.88 | NOTE | |||
r-devel-windows-x86_64 | 0.2.1 | 13.00 | 207.00 | 220.00 | NOTE | |
r-patched-linux-x86_64 | 0.2.1 | 11.80 | 246.43 | 258.23 | NOTE | |
r-release-linux-x86_64 | 0.2.1 | 7.75 | 243.27 | 251.02 | NOTE | |
r-release-macos-arm64 | 0.2.1 | 105.00 | NOTE | |||
r-release-macos-x86_64 | 0.2.1 | 184.00 | NOTE | |||
r-release-windows-x86_64 | 0.2.1 | 16.00 | 284.00 | 300.00 | NOTE | |
r-oldrel-macos-arm64 | 0.2.1 | 93.00 | OK | |||
r-oldrel-macos-x86_64 | 0.2.1 | 146.00 | OK | |||
r-oldrel-windows-x86_64 | 0.2.1 | 17.00 | 276.00 | 293.00 | OK |
Version: 0.2.1
Check: Rd files
Result: NOTE
checkRd: (-1) ir_to_transmittance.Rd:49: Escaped LaTeX specials: \&
Flavors: r-devel-linux-x86_64-debian-clang, r-devel-linux-x86_64-debian-gcc, r-devel-linux-x86_64-fedora-clang, r-devel-linux-x86_64-fedora-gcc, r-devel-windows-x86_64, r-patched-linux-x86_64, r-release-linux-x86_64, r-release-macos-arm64, r-release-macos-x86_64, r-release-windows-x86_64