CRAN Package Check Results for Package irboost

Last updated on 2024-03-02 19:50:20 CET.

Flavor Version Tinstall Tcheck Ttotal Status Flags
r-devel-linux-x86_64-debian-clang 0.1-1.3 8.80 82.94 91.74 NOTE
r-devel-linux-x86_64-debian-gcc 0.1-1.3 8.03 63.59 71.62 NOTE
r-devel-linux-x86_64-fedora-clang 0.1-1.3 114.34 NOTE
r-devel-linux-x86_64-fedora-gcc 0.1-1.3 121.74 NOTE
r-devel-windows-x86_64 0.1-1.3 9.00 77.00 86.00 OK
r-patched-linux-x86_64 0.1-1.3 9.47 81.88 91.35 OK
r-release-linux-x86_64 0.1-1.3 8.01 80.44 88.45 OK
r-release-macos-arm64 0.1-1.3 42.00 OK
r-release-macos-x86_64 0.1-1.3 104.00 OK
r-release-windows-x86_64 0.1-1.3 10.00 94.00 104.00 OK
r-oldrel-macos-arm64 0.1-1.3 38.00 OK
r-oldrel-windows-x86_64 0.1-1.3 11.00 93.00 104.00 OK

Check Details

Version: 0.1-1.3
Check: Rd files
Result: NOTE checkRd: (-1) irboost.Rd:62: Lost braces; missing escapes or markup? 62 | \item \code{weight_update_log} a matrix of \code{nobs} row by {iter} column of observation weights in each iteration of the IRCO algorithm | ^ checkRd: (-1) irboost.Rd:64: Lost braces 64 | \item\code{loss_log}{sum of loss value of the composite function \code{cfun(dfun)} in each IRCO iteration. Note, \code{cfun} requires \code{dfun} non-negative in some cases. Thus some \code{dfun} needs attentions. For instance, with \code{dfun="reg:gamma"}, the loss value is defined gamma-nloglik - (1+log(min(y))). The second term is introduced such that the loss value is non-negative. In fact, gamma-nloglik=y/ypre + log(ypre) in the \code{xgboost}, where ypre is the mean prediction value, can be negative. It can be derived that for fixed \code{y}, the minimum value of gamma-nloglik is achived at ypre=y, or 1+log(y). Thus, among all \code{y} values, the minimum of gamma-nloglik is 1+log(min(y)).} | ^ checkRd: (-1) irboost_aft.Rd:46: Lost braces; missing escapes or markup? 46 | \item \code{weight_update_log} a matrix of \code{nobs} row by {iter} column of observation weights in each iteration of the IRCO algorithm | ^ Flavors: r-devel-linux-x86_64-debian-clang, r-devel-linux-x86_64-debian-gcc, r-devel-linux-x86_64-fedora-clang, r-devel-linux-x86_64-fedora-gcc