CRAN Package Check Results for Package iscoCrosswalks

Last updated on 2024-06-12 20:59:00 CEST.

Flavor Version Tinstall Tcheck Ttotal Status Flags
r-devel-linux-x86_64-debian-clang 1.0.0 3.61 39.46 43.07 OK
r-devel-linux-x86_64-debian-gcc 1.0.0 2.14 28.43 30.57 ERROR
r-devel-linux-x86_64-fedora-clang 1.0.0 55.51 NOTE
r-devel-linux-x86_64-fedora-gcc 1.0.0 64.59 NOTE
r-devel-windows-x86_64 1.0.0 4.00 53.00 57.00 OK
r-patched-linux-x86_64 1.0.0 3.61 37.73 41.34 OK
r-release-linux-x86_64 1.0.0 3.32 38.00 41.32 OK
r-release-macos-arm64 1.0.0 27.00 OK
r-release-macos-x86_64 1.0.0 42.00 OK
r-release-windows-x86_64 1.0.0 4.00 54.00 58.00 OK
r-oldrel-macos-arm64 1.0.0 27.00 OK
r-oldrel-macos-x86_64 1.0.0 38.00 OK
r-oldrel-windows-x86_64 1.0.0 4.00 56.00 60.00 OK

Check Details

Version: 1.0.0
Check: package dependencies
Result: NOTE Package suggested but not available for checking: ‘testthat’ Flavor: r-devel-linux-x86_64-debian-gcc

Version: 1.0.0
Check: tests
Result: ERROR Running ‘testthat.R’ [0s/1s] Running the tests in ‘tests/testthat.R’ failed. Complete output: > library(testthat) Error in library(testthat) : there is no package called 'testthat' Execution halted Flavor: r-devel-linux-x86_64-debian-gcc

Version: 1.0.0
Check: data for non-ASCII characters
Result: NOTE Note: found 12 marked UTF-8 strings Flavors: r-devel-linux-x86_64-fedora-clang, r-devel-linux-x86_64-fedora-gcc