Last updated on 2023-09-28 20:56:48 CEST.
Flavor | Version | Tinstall | Tcheck | Ttotal | Status | Flags |
---|---|---|---|---|---|---|
r-devel-linux-x86_64-debian-clang | 0.2.6 | 23.75 | 320.07 | 343.82 | NOTE | |
r-devel-linux-x86_64-debian-gcc | 0.2.6 | 26.86 | 233.80 | 260.66 | NOTE | |
r-devel-linux-x86_64-fedora-clang | 0.2.6 | 414.99 | NOTE | |||
r-devel-linux-x86_64-fedora-gcc | 0.2.6 | 434.21 | NOTE | |||
r-devel-windows-x86_64 | 0.2.6 | 25.00 | 198.00 | 223.00 | NOTE | |
r-patched-linux-x86_64 | 0.2.6 | 25.83 | 307.46 | 333.29 | OK | |
r-release-linux-x86_64 | 0.2.6 | 27.45 | 306.25 | 333.70 | OK | |
r-release-macos-arm64 | 0.2.6 | 105.00 | OK | |||
r-release-macos-x86_64 | 0.2.6 | 193.00 | OK | |||
r-release-windows-x86_64 | 0.2.6 | 33.00 | 279.00 | 312.00 | OK | |
r-oldrel-macos-arm64 | 0.2.6 | 95.00 | OK | |||
r-oldrel-macos-x86_64 | 0.2.6 | 120.00 | OK | |||
r-oldrel-windows-x86_64 | 0.2.6 | 33.00 | 274.00 | 307.00 | OK |
Version: 0.2.6
Check: Rd \usage sections
Result: NOTE
Documented arguments not in \usage in documentation object '.assignmentMaker':
‘.precip_raster’ ‘.precip_SD_raster’
Functions with \usage entries need to have the appropriate \alias
entries, and all their arguments documented.
The \usage entries must correspond to syntactically valid R code.
See chapter ‘Writing R documentation files’ in the ‘Writing R
Extensions’ manual.
Flavors: r-devel-linux-x86_64-debian-clang, r-devel-linux-x86_64-debian-gcc, r-devel-linux-x86_64-fedora-clang, r-devel-linux-x86_64-fedora-gcc, r-devel-windows-x86_64