CRAN Package Check Results for Package isocir

Last updated on 2021-11-28 19:48:54 CET.

Flavor Version Tinstall Tcheck Ttotal Status Flags
r-devel-linux-x86_64-debian-clang 2.0-7 OK
r-devel-linux-x86_64-debian-gcc 2.0-7 8.79 50.00 58.79 OK
r-devel-linux-x86_64-fedora-clang 2.0-7 105.06 OK
r-devel-linux-x86_64-fedora-gcc 2.0-7 98.85 OK
r-devel-windows-x86_64-new-UL 2.0-7 23.00 132.00 155.00 OK
r-devel-windows-x86_64-new-TK 2.0-6 NOTE
r-devel-windows-x86_64-old 2.0-7 17.00 91.00 108.00 OK
r-patched-linux-x86_64 2.0-7 12.41 62.81 75.22 OK
r-patched-solaris-x86 2.0-7 125.00 OK
r-release-linux-x86_64 2.0-7 10.99 63.37 74.36 OK
r-release-macos-arm64 2.0-7 OK
r-release-macos-x86_64 2.0-7 OK
r-release-windows-ix86+x86_64 2.0-7 27.00 105.00 132.00 OK
r-oldrel-macos-x86_64 2.0-7 OK
r-oldrel-windows-ix86+x86_64 2.0-7 18.00 75.00 93.00 OK

Check Details

Version: 2.0-6
Check: R code for possible problems
Result: NOTE
    ACO : bordacircular: no visible global function definition for
     'medianCircular'
    Undefined global functions or variables:
     medianCircular
Flavor: r-devel-windows-x86_64-new-TK