CRAN Package Check Results for Package isopam

Last updated on 2021-09-21 04:55:14 CEST.

Flavor Version Tinstall Tcheck Ttotal Status Flags
r-devel-linux-x86_64-debian-clang 0.9-13 7.89 72.81 80.70 NOTE
r-devel-linux-x86_64-debian-gcc 0.9-13 6.22 56.31 62.53 NOTE
r-devel-linux-x86_64-fedora-clang 0.9-13 105.75 NOTE
r-devel-linux-x86_64-fedora-gcc 0.9-13 94.54 NOTE
r-devel-windows-x86_64 0.9-13 9.00 71.00 80.00 NOTE
r-devel-windows-x86_64-gcc10-UCRT 0.9-13 ERROR
r-patched-linux-x86_64 0.9-13 7.95 70.12 78.07 NOTE
r-patched-solaris-x86 0.9-13 137.60 NOTE
r-release-linux-x86_64 0.9-13 8.62 70.14 78.76 NOTE
r-release-macos-arm64 0.9-13 NOTE
r-release-macos-x86_64 0.9-13 NOTE
r-release-windows-ix86+x86_64 0.9-13 18.00 70.00 88.00 NOTE
r-oldrel-macos-x86_64 0.9-13 NOTE
r-oldrel-windows-ix86+x86_64 0.9-13 18.00 69.00 87.00 NOTE

Check Details

Version: 0.9-13
Check: dependencies in R code
Result: NOTE
    'library' or 'require' call to 'proxy' in package code.
     Please use :: or requireNamespace() instead.
     See section 'Suggested packages' in the 'Writing R Extensions' manual.
Flavors: r-devel-linux-x86_64-debian-clang, r-devel-linux-x86_64-debian-gcc, r-devel-linux-x86_64-fedora-clang, r-devel-linux-x86_64-fedora-gcc, r-devel-windows-x86_64, r-devel-windows-x86_64-gcc10-UCRT, r-patched-linux-x86_64, r-patched-solaris-x86, r-release-linux-x86_64, r-release-macos-arm64, r-release-macos-x86_64, r-release-windows-ix86+x86_64, r-oldrel-macos-x86_64, r-oldrel-windows-ix86+x86_64

Version: 0.9-13
Check: R code for possible problems
Result: NOTE
    isopam : core: no visible global function definition for 'dist'
    isopam : core: no visible global function definition for 'write.table'
    isopam : core: no visible global function definition for 'as.dist'
    isopam : core: no visible global function definition for
     'txtProgressBar'
    isopam : core: no visible global function definition for
     'setTxtProgressBar'
    isopam : core: no visible global function definition for 'aggregate'
    isopam: no visible binding for global variable 'var'
    isopam: no visible global function definition for 'na.omit'
    isopam: no visible global function definition for 'write.table'
    isopam: no visible global function definition for 'bmp'
    isopam: no visible global function definition for 'dev.off'
    isotab: no visible global function definition for 'aggregate'
    isotab : fshtest: no visible global function definition for 'dhyper'
    isotab : fshtest : pnhyper: no visible global function definition for
     'phyper'
    Undefined global functions or variables:
     aggregate as.dist bmp dev.off dhyper dist na.omit phyper
     setTxtProgressBar txtProgressBar var write.table
    Consider adding
     importFrom("grDevices", "bmp", "dev.off")
     importFrom("stats", "aggregate", "as.dist", "dhyper", "dist",
     "na.omit", "phyper", "var")
     importFrom("utils", "setTxtProgressBar", "txtProgressBar",
     "write.table")
    to your NAMESPACE file.
Flavors: r-devel-linux-x86_64-debian-clang, r-devel-linux-x86_64-debian-gcc, r-devel-linux-x86_64-fedora-clang, r-devel-linux-x86_64-fedora-gcc, r-devel-windows-x86_64, r-devel-windows-x86_64-gcc10-UCRT, r-patched-linux-x86_64, r-patched-solaris-x86, r-release-linux-x86_64, r-release-macos-arm64, r-release-macos-x86_64, r-release-windows-ix86+x86_64, r-oldrel-macos-x86_64, r-oldrel-windows-ix86+x86_64

Version: 0.9-13
Check: whether package can be installed
Result: WARN
    Found the following significant warnings:
     WARNING: installation-time patches will not be applied, could not get the patches index
Flavor: r-devel-windows-x86_64-gcc10-UCRT

Version: 0.9-13
Check: PDF version of manual
Result: WARN
    LaTeX errors when creating PDF version.
    This typically indicates Rd problems.
Flavor: r-devel-windows-x86_64-gcc10-UCRT

Version: 0.9-13
Check: PDF version of manual without hyperrefs or index
Result: ERROR
    Re-running with no redirection of stdout/stderr.
Flavor: r-devel-windows-x86_64-gcc10-UCRT