CRAN Package Check Results for Package ivdesc

Last updated on 2022-11-30 03:58:26 CET.

Flavor Version Tinstall Tcheck Ttotal Status Flags
r-devel-linux-x86_64-debian-clang 1.1.0 6.88 57.65 64.53 NOTE
r-devel-linux-x86_64-debian-gcc 1.1.0 5.43 43.35 48.78 NOTE
r-devel-linux-x86_64-fedora-clang 1.1.0 88.42 NOTE
r-devel-linux-x86_64-fedora-gcc 1.1.0 90.61 NOTE
r-devel-windows-x86_64 1.1.0 10.00 83.00 93.00 NOTE
r-patched-linux-x86_64 1.1.0 5.64 54.84 60.48 NOTE
r-release-linux-x86_64 1.1.0 6.63 55.81 62.44 NOTE
r-release-macos-arm64 1.1.0 26.00 NOTE
r-release-macos-x86_64 1.1.0 46.00 NOTE
r-release-windows-x86_64 1.1.0 23.00 88.00 111.00 NOTE
r-oldrel-macos-arm64 1.1.0 30.00 NOTE
r-oldrel-macos-x86_64 1.1.0 40.00 NOTE
r-oldrel-windows-ix86+x86_64 1.1.0 16.00 83.00 99.00 NOTE

Check Details

Version: 1.1.0
Check: LazyData
Result: NOTE
     'LazyData' is specified without a 'data' directory
Flavors: r-devel-linux-x86_64-debian-clang, r-devel-linux-x86_64-debian-gcc, r-devel-linux-x86_64-fedora-clang, r-devel-linux-x86_64-fedora-gcc, r-devel-windows-x86_64, r-patched-linux-x86_64, r-release-linux-x86_64, r-release-macos-arm64, r-release-macos-x86_64, r-release-windows-x86_64, r-oldrel-macos-arm64, r-oldrel-macos-x86_64, r-oldrel-windows-ix86+x86_64

Version: 1.1.0
Check: Rd cross-references
Result: NOTE
    Undeclared package ‘AER’ in Rd xrefs
Flavor: r-devel-linux-x86_64-fedora-clang