CRAN Package Check Results for Package ivdoctr

Last updated on 2021-10-27 00:51:07 CEST.

Flavor Version Tinstall Tcheck Ttotal Status Flags
r-devel-linux-x86_64-debian-clang 1.0.0 35.04 117.45 152.49 OK
r-devel-linux-x86_64-debian-gcc 1.0.0 28.95 89.72 118.67 OK
r-devel-linux-x86_64-fedora-clang 1.0.0 206.71 NOTE
r-devel-linux-x86_64-fedora-gcc 1.0.0 187.80 NOTE
r-devel-windows-x86_64 1.0.0 53.00 151.00 204.00 OK
r-devel-windows-x86_64-gcc10-UCRT 1.0.0 NOTE
r-patched-linux-x86_64 1.0.0 33.02 112.18 145.20 OK
r-patched-solaris-x86 1.0.0 250.50 NOTE
r-release-linux-x86_64 1.0.0 29.74 112.77 142.51 OK
r-release-macos-arm64 1.0.0 NOTE
r-release-macos-x86_64 1.0.0 NOTE
r-release-windows-ix86+x86_64 1.0.0 70.00 212.00 282.00 OK
r-oldrel-macos-x86_64 1.0.0 NOTE
r-oldrel-windows-ix86+x86_64 1.0.0 97.00 229.00 326.00 OK

Check Details

Version: 1.0.0
Check: dependencies in R code
Result: NOTE
    Namespace in Imports field not imported from: ‘Rcpp’
     All declared Imports should be used.
Flavors: r-devel-linux-x86_64-fedora-clang, r-devel-linux-x86_64-fedora-gcc, r-devel-windows-x86_64-gcc10-UCRT, r-patched-solaris-x86, r-release-macos-arm64, r-release-macos-x86_64, r-oldrel-macos-x86_64

Version: 1.0.0
Check: data for non-ASCII characters
Result: NOTE
     Note: found 58 marked UTF-8 strings
Flavors: r-devel-linux-x86_64-fedora-clang, r-devel-linux-x86_64-fedora-gcc, r-devel-windows-x86_64-gcc10-UCRT, r-patched-solaris-x86, r-release-macos-arm64, r-release-macos-x86_64, r-oldrel-macos-x86_64