Last updated on 2023-10-03 09:08:20 CEST.
Flavor | Version | Tinstall | Tcheck | Ttotal | Status | Flags |
---|---|---|---|---|---|---|
r-devel-linux-x86_64-debian-clang | 1.4.0 | 13.28 | 111.06 | 124.34 | NOTE | --no-vignettes |
r-devel-linux-x86_64-debian-gcc | 1.4.0 | 14.64 | 81.05 | 95.69 | NOTE | --no-vignettes |
r-devel-linux-x86_64-fedora-clang | 1.4.0 | 156.60 | NOTE | --no-vignettes | ||
r-devel-linux-x86_64-fedora-gcc | 1.4.0 | 154.18 | NOTE | --no-vignettes | ||
r-devel-windows-x86_64 | 1.4.0 | 15.00 | 126.00 | 141.00 | NOTE | --no-vignettes |
r-patched-linux-x86_64 | 1.4.0 | 18.07 | 106.21 | 124.28 | NOTE | --no-vignettes |
r-release-linux-x86_64 | 1.4.0 | 20.13 | 104.53 | 124.66 | NOTE | --no-vignettes |
r-release-macos-arm64 | 1.4.0 | 670.00 | NOTE | |||
r-release-macos-x86_64 | 1.4.0 | 1354.00 | NOTE | |||
r-release-windows-x86_64 | 1.4.0 | 15.00 | 135.00 | 150.00 | NOTE | --no-vignettes |
r-oldrel-macos-arm64 | 1.4.0 | 648.00 | NOTE | |||
r-oldrel-macos-x86_64 | 1.4.0 | 1106.00 | NOTE | |||
r-oldrel-windows-x86_64 | 1.4.0 | 22.00 | 110.00 | 132.00 | NOTE | --no-vignettes |
Version: 1.4.0
Flags: --no-vignettes
Check: package dependencies
Result: NOTE
Packages suggested but not available for checking: 'gurobi', 'cplexAPI'
Flavors: r-devel-linux-x86_64-debian-clang, r-devel-linux-x86_64-debian-gcc, r-devel-linux-x86_64-fedora-clang, r-devel-linux-x86_64-fedora-gcc, r-devel-windows-x86_64, r-patched-linux-x86_64, r-release-linux-x86_64, r-release-windows-x86_64, r-oldrel-windows-x86_64
Version: 1.4.0
Check: package dependencies
Result: NOTE
Packages suggested but not available for checking: 'gurobi', 'cplexAPI'
Flavors: r-release-macos-arm64, r-release-macos-x86_64, r-oldrel-macos-arm64, r-oldrel-macos-x86_64