CRAN Package Check Results for Package ivx

Last updated on 2023-03-25 23:51:46 CET.

Flavor Version Tinstall Tcheck Ttotal Status Flags
r-devel-linux-x86_64-debian-clang 1.1.0 48.37 54.29 102.66 NOTE
r-devel-linux-x86_64-debian-gcc 1.1.0 36.41 42.63 79.04 NOTE
r-devel-linux-x86_64-fedora-clang 1.1.0 141.81 NOTE
r-devel-linux-x86_64-fedora-gcc 1.1.0 125.44 NOTE
r-patched-linux-x86_64 1.1.0 38.89 52.33 91.22 OK
r-release-linux-x86_64 1.1.0 34.36 53.56 87.92 OK
r-release-macos-arm64 1.1.0 37.00 OK
r-release-macos-x86_64 1.1.0 50.00 OK
r-release-windows-x86_64 1.1.0 46.00 108.00 154.00 OK
r-oldrel-macos-arm64 1.1.0 35.00 OK
r-oldrel-macos-x86_64 1.1.0 71.00 OK
r-oldrel-windows-ix86+x86_64 1.1.0 105.00 117.00 222.00 NOTE

Check Details

Version: 1.1.0
Check: C++ specification
Result: NOTE
     Specified C++11: please drop specification unless essential
Flavors: r-devel-linux-x86_64-debian-clang, r-devel-linux-x86_64-debian-gcc, r-devel-linux-x86_64-fedora-clang, r-devel-linux-x86_64-fedora-gcc

Version: 1.1.0
Check: dependencies in R code
Result: NOTE
    Initiating curl with CURL_SSL_BACKEND: openssl
Flavor: r-oldrel-windows-ix86+x86_64