Last updated on 2023-11-30 11:49:30 CET.
Flavor | Version | Tinstall | Tcheck | Ttotal | Status | Flags |
---|---|---|---|---|---|---|
r-devel-linux-x86_64-debian-clang | 1.1.0 | 37.83 | 55.51 | 93.34 | NOTE | |
r-devel-linux-x86_64-debian-gcc | 1.1.0 | 33.88 | 42.10 | 75.98 | NOTE | |
r-devel-linux-x86_64-fedora-clang | 1.1.0 | 135.85 | NOTE | |||
r-devel-linux-x86_64-fedora-gcc | 1.1.0 | 137.58 | NOTE | |||
r-devel-windows-x86_64 | 1.1.0 | 33.00 | 84.00 | 117.00 | NOTE | |
r-patched-linux-x86_64 | 1.1.0 | 42.56 | 53.08 | 95.64 | NOTE | |
r-release-linux-x86_64 | 1.1.0 | 38.73 | 53.78 | 92.51 | NOTE | |
r-release-macos-arm64 | 1.1.0 | 36.00 | NOTE | |||
r-release-macos-x86_64 | 1.1.0 | 56.00 | NOTE | |||
r-release-windows-x86_64 | 1.1.0 | 47.00 | 96.00 | 143.00 | NOTE | |
r-oldrel-macos-arm64 | 1.1.0 | 39.00 | OK | |||
r-oldrel-macos-x86_64 | 1.1.0 | 50.00 | OK | |||
r-oldrel-windows-x86_64 | 1.1.0 | 42.00 | 92.00 | 134.00 | OK |
Version: 1.1.0
Check: C++ specification
Result: NOTE
Specified C++11: please drop specification unless essential
Flavors: r-devel-linux-x86_64-debian-clang, r-devel-linux-x86_64-debian-gcc, r-devel-linux-x86_64-fedora-clang, r-devel-linux-x86_64-fedora-gcc, r-devel-windows-x86_64, r-patched-linux-x86_64, r-release-linux-x86_64, r-release-macos-arm64, r-release-macos-x86_64, r-release-windows-x86_64