Last updated on 2023-09-28 20:56:48 CEST.
Flavor | Version | Tinstall | Tcheck | Ttotal | Status | Flags |
---|---|---|---|---|---|---|
r-devel-linux-x86_64-debian-clang | 1.1.3 | 312.72 | 60.31 | 373.03 | NOTE | |
r-devel-linux-x86_64-debian-gcc | 1.1.3 | 227.62 | 45.60 | 273.22 | NOTE | |
r-devel-linux-x86_64-fedora-clang | 1.1.3 | 571.61 | NOTE | |||
r-devel-linux-x86_64-fedora-gcc | 1.1.3 | 597.08 | NOTE | |||
r-devel-windows-x86_64 | 1.1.3 | 252.00 | 169.00 | 421.00 | NOTE | |
r-patched-linux-x86_64 | 1.1.3 | 310.92 | 57.57 | 368.49 | NOTE | |
r-release-linux-x86_64 | 1.1.3 | 313.94 | 58.24 | 372.18 | NOTE | |
r-release-macos-arm64 | 1.1.3 | 142.00 | NOTE | |||
r-release-macos-x86_64 | 1.1.3 | 208.00 | NOTE | |||
r-release-windows-x86_64 | 1.1.3 | 330.00 | 193.00 | 523.00 | NOTE | |
r-oldrel-macos-arm64 | 1.1.3 | 125.00 | NOTE | |||
r-oldrel-macos-x86_64 | 1.1.3 | 157.00 | NOTE | |||
r-oldrel-windows-x86_64 | 1.1.3 | 311.00 | 139.00 | 450.00 | NOTE |
Version: 1.1.3
Check: C++ specification
Result: NOTE
Specified C++11: please drop specification unless essential
Flavors: r-devel-linux-x86_64-debian-clang, r-devel-linux-x86_64-debian-gcc, r-devel-linux-x86_64-fedora-clang, r-devel-linux-x86_64-fedora-gcc, r-devel-windows-x86_64, r-patched-linux-x86_64, r-release-linux-x86_64, r-release-macos-arm64, r-release-macos-x86_64, r-release-windows-x86_64
Version: 1.1.3
Check: for GNU extensions in Makefiles
Result: NOTE
GNU make is a SystemRequirements.
Flavors: r-devel-linux-x86_64-debian-clang, r-devel-linux-x86_64-debian-gcc, r-devel-linux-x86_64-fedora-clang, r-devel-linux-x86_64-fedora-gcc, r-devel-windows-x86_64, r-patched-linux-x86_64, r-release-linux-x86_64, r-release-macos-arm64, r-release-macos-x86_64, r-release-windows-x86_64, r-oldrel-macos-arm64, r-oldrel-macos-x86_64, r-oldrel-windows-x86_64
Version: 1.1.3
Check: installed package size
Result: NOTE
installed size is 12.5Mb
sub-directories of 1Mb or more:
art_profiles 1.5Mb
libs 10.3Mb
Flavors: r-devel-windows-x86_64, r-release-macos-arm64, r-release-macos-x86_64, r-release-windows-x86_64, r-oldrel-macos-arm64, r-oldrel-macos-x86_64, r-oldrel-windows-x86_64