CRAN Package Check Results for Package jackstraw

Last updated on 2021-10-26 16:49:37 CEST.

Flavor Version Tinstall Tcheck Ttotal Status Flags
r-devel-linux-x86_64-debian-clang 1.3.1 10.26 93.24 103.50 OK
r-devel-linux-x86_64-debian-gcc 1.3.1 9.59 70.60 80.19 OK
r-devel-linux-x86_64-fedora-clang 1.3.1 137.90 OK
r-devel-linux-x86_64-fedora-gcc 1.3.1 122.33 OK
r-devel-windows-x86_64 1.3.1 18.00 114.00 132.00 OK
r-devel-windows-x86_64-gcc10-UCRT 1.3.1 OK
r-patched-linux-x86_64 1.3.1 11.17 86.99 98.16 OK
r-patched-solaris-x86 1.3.1 178.20 OK
r-release-linux-x86_64 1.3.1 9.95 87.65 97.60 OK
r-release-macos-arm64 1.3.1 OK
r-release-macos-x86_64 1.3.1 ERROR
r-release-windows-ix86+x86_64 1.3.1 21.00 112.00 133.00 OK
r-oldrel-macos-x86_64 1.3.1 ERROR
r-oldrel-windows-ix86+x86_64 1.3.1 28.00 117.00 145.00 OK

Check Details

Version: 1.3.1
Check: package dependencies
Result: ERROR
    Package required but not available: ‘lfa’
    
    See section ‘The DESCRIPTION file’ in the ‘Writing R Extensions’
    manual.
Flavors: r-release-macos-x86_64, r-oldrel-macos-x86_64