Last updated on 2023-10-03 01:04:54 CEST.
Flavor | Version | Tinstall | Tcheck | Ttotal | Status | Flags |
---|---|---|---|---|---|---|
r-devel-linux-x86_64-debian-clang | 0.6.7 | 270.63 | 2023.71 | 2294.34 | NOTE | |
r-devel-linux-x86_64-debian-gcc | 0.6.7 | 227.06 | 540.35 | 767.41 | NOTE | |
r-devel-linux-x86_64-fedora-clang | 0.6.7 | 1301.94 | NOTE | |||
r-devel-linux-x86_64-fedora-gcc | 0.6.7 | 1458.43 | NOTE | |||
r-devel-windows-x86_64 | 0.6.7 | 224.00 | 707.00 | 931.00 | NOTE | |
r-patched-linux-x86_64 | 0.6.7 | 201.41 | 741.53 | 942.94 | NOTE | |
r-release-linux-x86_64 | 0.6.7 | 236.54 | 743.19 | 979.73 | NOTE | |
r-release-macos-arm64 | 0.6.7 | 274.00 | NOTE | |||
r-release-macos-x86_64 | 0.6.7 | 586.00 | NOTE | |||
r-release-windows-x86_64 | 0.6.7 | 288.00 | 805.00 | 1093.00 | NOTE | |
r-oldrel-macos-arm64 | 0.6.7 | 258.00 | NOTE | |||
r-oldrel-macos-x86_64 | 0.6.7 | 442.00 | NOTE | |||
r-oldrel-windows-x86_64 | 0.6.7 | 267.00 | 752.00 | 1019.00 | NOTE |
Version: 0.6.7
Check: for GNU extensions in Makefiles
Result: NOTE
GNU make is a SystemRequirements.
Flavors: r-devel-linux-x86_64-debian-clang, r-devel-linux-x86_64-debian-gcc, r-devel-linux-x86_64-fedora-clang, r-devel-linux-x86_64-fedora-gcc, r-devel-windows-x86_64, r-patched-linux-x86_64, r-release-linux-x86_64, r-release-macos-arm64, r-release-macos-x86_64, r-release-windows-x86_64, r-oldrel-macos-arm64, r-oldrel-macos-x86_64, r-oldrel-windows-x86_64
Version: 0.6.7
Check: installed package size
Result: NOTE
installed size is 6.0Mb
sub-directories of 1Mb or more:
doc 2.5Mb
libs 2.8Mb
Flavors: r-devel-linux-x86_64-fedora-clang, r-devel-windows-x86_64, r-release-macos-arm64, r-release-macos-x86_64, r-release-windows-x86_64, r-oldrel-macos-arm64, r-oldrel-macos-x86_64, r-oldrel-windows-x86_64
Version: 0.6.7
Check: dependencies in R code
Result: NOTE
Namespaces in Imports field not imported from:
‘RcppParallel’ ‘rstantools’
All declared Imports should be used.
Flavors: r-devel-linux-x86_64-fedora-clang, r-devel-linux-x86_64-fedora-gcc