CRAN Package Check Results for Package jgcricolors

Last updated on 2023-10-02 05:06:41 CEST.

Flavor Version Tinstall Tcheck Ttotal Status Flags
r-devel-linux-x86_64-debian-clang 1.0.0 2.70 45.56 48.26 OK
r-devel-linux-x86_64-debian-gcc 1.0.0 2.07 34.95 37.02 OK
r-devel-linux-x86_64-fedora-clang 1.0.0 61.11 NOTE
r-devel-linux-x86_64-fedora-gcc 1.0.0 71.79 NOTE
r-devel-windows-x86_64 1.0.0 5.00 58.00 63.00 OK
r-patched-linux-x86_64 1.0.0 2.28 43.96 46.24 OK
r-release-linux-x86_64 1.0.0 2.52 44.76 47.28 OK
r-release-macos-arm64 1.0.0 40.00 OK
r-release-macos-x86_64 1.0.0 45.00 OK
r-release-windows-x86_64 1.0.0 6.00 62.00 68.00 OK
r-oldrel-macos-arm64 1.0.0 30.00 NOTE
r-oldrel-macos-x86_64 1.0.0 48.00 NOTE
r-oldrel-windows-x86_64 1.0.0 5.00 65.00 70.00 OK

Check Details

Version: 1.0.0
Check: dependencies in R code
Result: NOTE
    Namespaces in Imports field not imported from:
     ‘RColorBrewer’ ‘ggplot2’ ‘knitr’ ‘markdown’
     All declared Imports should be used.
Flavors: r-devel-linux-x86_64-fedora-clang, r-devel-linux-x86_64-fedora-gcc, r-oldrel-macos-arm64, r-oldrel-macos-x86_64