Last updated on 2023-10-01 21:03:06 CEST.
Flavor | Version | Tinstall | Tcheck | Ttotal | Status | Flags |
---|---|---|---|---|---|---|
r-devel-linux-x86_64-debian-clang | 0.3.0 | 72.63 | 48.32 | 120.95 | NOTE | |
r-devel-linux-x86_64-debian-gcc | 0.3.0 | 50.59 | 38.02 | 88.61 | NOTE | |
r-devel-linux-x86_64-fedora-clang | 0.3.0 | 157.12 | NOTE | |||
r-devel-linux-x86_64-fedora-gcc | 0.3.0 | 177.31 | NOTE | |||
r-devel-windows-x86_64 | 0.3.0 | 44.00 | 85.00 | 129.00 | NOTE | |
r-patched-linux-x86_64 | 0.3.0 | 71.40 | 47.78 | 119.18 | NOTE | |
r-release-linux-x86_64 | 0.3.0 | 68.25 | 47.51 | 115.76 | NOTE | |
r-release-macos-arm64 | 0.3.0 | 59.00 | NOTE | |||
r-release-macos-x86_64 | 0.3.0 | 89.00 | NOTE | |||
r-release-windows-x86_64 | 0.3.0 | 52.00 | 98.00 | 150.00 | NOTE | |
r-oldrel-macos-arm64 | 0.3.0 | 51.00 | NOTE | |||
r-oldrel-macos-x86_64 | 0.3.0 | 63.00 | NOTE | |||
r-oldrel-windows-x86_64 | 0.3.0 | 68.00 | 91.00 | 159.00 | OK |
Version: 0.3.0
Check: C++ specification
Result: NOTE
Specified C++11: please drop specification unless essential
Flavors: r-devel-linux-x86_64-debian-clang, r-devel-linux-x86_64-debian-gcc, r-devel-linux-x86_64-fedora-clang, r-devel-linux-x86_64-fedora-gcc, r-devel-windows-x86_64, r-patched-linux-x86_64, r-release-linux-x86_64, r-release-macos-arm64, r-release-macos-x86_64, r-release-windows-x86_64
Version: 0.3.0
Check: installed package size
Result: NOTE
installed size is 7.9Mb
sub-directories of 1Mb or more:
libs 7.7Mb
Flavors: r-release-macos-arm64, r-release-macos-x86_64, r-oldrel-macos-arm64, r-oldrel-macos-x86_64