CRAN Package Check Results for Package jmcm

Last updated on 2021-12-01 15:52:00 CET.

Flavor Version Tinstall Tcheck Ttotal Status Flags
r-devel-linux-x86_64-debian-clang 0.2.4 49.44 58.72 108.16 OK
r-devel-linux-x86_64-debian-gcc 0.2.4 35.38 46.33 81.71 OK
r-devel-linux-x86_64-fedora-clang 0.2.4 163.80 NOTE
r-devel-linux-x86_64-fedora-gcc 0.2.4 138.55 OK
r-devel-windows-x86_64-new-UL 0.2.4 64.00 117.00 181.00 OK
r-devel-windows-x86_64-new-TK 0.2.4 OK
r-devel-windows-x86_64-old 0.2.4 61.00 65.00 126.00 OK
r-patched-linux-x86_64 0.2.4 42.73 57.75 100.48 OK
r-patched-solaris-x86 0.2.4 149.70 OK
r-release-linux-x86_64 0.2.4 43.55 56.70 100.25 OK
r-release-macos-arm64 0.2.4 NOTE
r-release-macos-x86_64 0.2.4 NOTE
r-release-windows-ix86+x86_64 0.2.4 110.00 87.00 197.00 OK
r-oldrel-macos-x86_64 0.2.4 NOTE
r-oldrel-windows-ix86+x86_64 0.2.4 85.00 116.00 201.00 OK

Check Details

Version: 0.2.4
Check: installed package size
Result: NOTE
     installed size is 5.1Mb
     sub-directories of 1Mb or more:
     libs 3.8Mb
Flavors: r-devel-linux-x86_64-fedora-clang, r-release-macos-arm64, r-release-macos-x86_64, r-oldrel-macos-x86_64