Last updated on 2023-03-28 12:54:44 CEST.
Flavor | Version | Tinstall | Tcheck | Ttotal | Status | Flags |
---|---|---|---|---|---|---|
r-devel-linux-x86_64-debian-clang | 2.3.13 | 29.18 | 31.91 | 61.09 | NOTE | |
r-devel-linux-x86_64-debian-gcc | 2.3.13 | 21.42 | 25.31 | 46.73 | NOTE | |
r-devel-linux-x86_64-fedora-clang | 2.3.13 | 85.45 | NOTE | |||
r-devel-linux-x86_64-fedora-gcc | 2.3.13 | 72.15 | NOTE | |||
r-patched-linux-x86_64 | 2.3.13 | 20.42 | 31.24 | 51.66 | NOTE | |
r-release-linux-x86_64 | 2.3.13 | 21.76 | 32.77 | 54.53 | OK | |
r-release-macos-arm64 | 2.3.13 | 28.00 | OK | |||
r-release-macos-x86_64 | 2.3.13 | 36.00 | OK | |||
r-release-windows-x86_64 | 2.3.13 | 37.00 | 91.00 | 128.00 | OK | |
r-oldrel-macos-arm64 | 2.3.13 | 30.00 | OK | |||
r-oldrel-macos-x86_64 | 2.3.13 | 34.00 | OK | |||
r-oldrel-windows-ix86+x86_64 | 2.3.13 | 75.00 | 90.00 | 165.00 | OK |
Version: 2.3.13
Check: C++ specification
Result: NOTE
Specified C++11: please drop specification unless essential
Flavors: r-devel-linux-x86_64-debian-clang, r-devel-linux-x86_64-debian-gcc, r-devel-linux-x86_64-fedora-clang, r-devel-linux-x86_64-fedora-gcc, r-patched-linux-x86_64