CRAN Package Check Results for Package joinet

Last updated on 2021-10-17 16:49:28 CEST.

Flavor Version Tinstall Tcheck Ttotal Status Flags
r-devel-linux-x86_64-debian-clang 0.0.10 2.93 68.28 71.21 NOTE
r-devel-linux-x86_64-debian-gcc 0.0.10 2.35 50.70 53.05 NOTE
r-devel-linux-x86_64-fedora-clang 0.0.10 93.36 NOTE
r-devel-linux-x86_64-fedora-gcc 0.0.10 82.46 NOTE
r-devel-windows-x86_64 0.0.10 6.00 104.00 110.00 OK
r-devel-windows-x86_64-gcc10-UCRT 0.0.10 NOTE
r-patched-linux-x86_64 0.0.10 3.20 64.96 68.16 NOTE
r-patched-solaris-x86 0.0.10 69.60 NOTE
r-release-linux-x86_64 0.0.10 3.15 64.10 67.25 NOTE
r-release-macos-arm64 0.0.10 NOTE
r-release-macos-x86_64 0.0.10 NOTE
r-release-windows-ix86+x86_64 0.0.10 4.00 90.00 94.00 OK
r-oldrel-macos-x86_64 0.0.10 OK
r-oldrel-windows-ix86+x86_64 0.0.10 6.00 104.00 110.00 OK

Check Details

Version: 0.0.10
Check: package dependencies
Result: NOTE
    Packages which this enhances but not available for checking:
     'MRCE', 'remMap'
Flavors: r-devel-linux-x86_64-debian-clang, r-devel-linux-x86_64-debian-gcc, r-devel-linux-x86_64-fedora-clang, r-devel-linux-x86_64-fedora-gcc, r-devel-windows-x86_64-gcc10-UCRT, r-patched-linux-x86_64, r-patched-solaris-x86, r-release-linux-x86_64

Version: 0.0.10
Check: package dependencies
Result: NOTE
    Package which this enhances but not available for checking: ‘MRCE’
Flavors: r-release-macos-arm64, r-release-macos-x86_64