Last updated on 2023-06-09 04:53:03 CEST.
Flavor | Version | Tinstall | Tcheck | Ttotal | Status | Flags |
---|---|---|---|---|---|---|
r-devel-linux-x86_64-debian-clang | 0.3.1 | 12.01 | 77.84 | 89.85 | OK | |
r-devel-linux-x86_64-debian-gcc | 0.3.1 | 9.36 | 58.13 | 67.49 | OK | |
r-devel-linux-x86_64-fedora-clang | 0.3.1 | 111.04 | NOTE | |||
r-devel-linux-x86_64-fedora-gcc | 0.3.1 | 103.51 | NOTE | |||
r-devel-windows-x86_64 | 0.3.1 | 13.00 | 72.00 | 85.00 | OK | |
r-patched-linux-x86_64 | 0.3.1 | 11.20 | 72.05 | 83.25 | OK | |
r-release-linux-x86_64 | 0.3.1 | 9.86 | 72.06 | 81.92 | OK | |
r-release-macos-arm64 | 0.3.1 | 35.00 | OK | |||
r-release-macos-x86_64 | 0.3.1 | 56.00 | OK | |||
r-release-windows-x86_64 | 0.3.1 | 14.00 | 86.00 | 100.00 | OK | |
r-oldrel-macos-arm64 | 0.3.1 | 38.00 | OK | |||
r-oldrel-macos-x86_64 | 0.3.1 | 51.00 | OK | |||
r-oldrel-windows-x86_64 | 0.3.1 | 16.00 | 93.00 | 109.00 | OK |
Version: 0.3.1
Check: data for non-ASCII characters
Result: NOTE
Note: found 925830 marked UTF-8 strings
Flavors: r-devel-linux-x86_64-fedora-clang, r-devel-linux-x86_64-fedora-gcc