CRAN Package Check Results for Package jpgrid

Last updated on 2024-06-12 20:59:00 CEST.

Flavor Version Tinstall Tcheck Ttotal Status Flags
r-devel-linux-x86_64-debian-clang 0.4.0 10.03 72.87 82.90 OK
r-devel-linux-x86_64-debian-gcc 0.4.0 0.36 1.73 2.09 ERROR
r-devel-linux-x86_64-fedora-clang 0.4.0 106.54 NOTE
r-devel-linux-x86_64-fedora-gcc 0.4.0 97.63 NOTE
r-devel-windows-x86_64 0.4.0 9.00 71.00 80.00 OK
r-patched-linux-x86_64 0.4.0 10.29 71.22 81.51 OK
r-release-linux-x86_64 0.4.0 6.58 69.24 75.82 OK
r-release-macos-arm64 0.4.0 36.00 OK
r-release-macos-x86_64 0.4.0 52.00 OK
r-release-windows-x86_64 0.4.0 10.00 71.00 81.00 OK
r-oldrel-macos-arm64 0.4.0 43.00 OK
r-oldrel-macos-x86_64 0.4.0 81.00 OK
r-oldrel-windows-x86_64 0.4.0 14.00 84.00 98.00 OK

Check Details

Version: 0.4.0
Check: package dependencies
Result: ERROR Packages required but not available: 'dplyr', 'purrr', 'stringr', 'tibble', 'tidyr', 'vctrs', 'pillar', 'tidygraph' Package suggested but not available for checking: ‘testthat’ See section ‘The DESCRIPTION file’ in the ‘Writing R Extensions’ manual. Flavor: r-devel-linux-x86_64-debian-gcc

Version: 0.4.0
Check: data for non-ASCII characters
Result: NOTE Note: found 1064460 marked UTF-8 strings Flavors: r-devel-linux-x86_64-fedora-clang, r-devel-linux-x86_64-fedora-gcc