Last updated on 2023-11-29 15:50:19 CET.
Flavor | Version | Tinstall | Tcheck | Ttotal | Status | Flags |
---|---|---|---|---|---|---|
r-devel-linux-x86_64-debian-clang | 0.6.0 | 7.64 | 40.76 | 48.40 | OK | |
r-devel-linux-x86_64-debian-gcc | 0.6.0 | 5.23 | 31.32 | 36.55 | OK | |
r-devel-linux-x86_64-fedora-clang | 0.6.0 | 58.38 | NOTE | |||
r-devel-linux-x86_64-fedora-gcc | 0.6.0 | 55.86 | OK | |||
r-devel-windows-x86_64 | 0.6.0 | 7.00 | 57.00 | 64.00 | OK | |
r-patched-linux-x86_64 | 0.6.0 | 5.80 | 39.71 | 45.51 | OK | |
r-release-linux-x86_64 | 0.6.0 | 7.22 | 39.61 | 46.83 | OK | |
r-release-macos-arm64 | 0.6.0 | 26.00 | OK | |||
r-release-macos-x86_64 | 0.6.0 | 49.00 | OK | |||
r-release-windows-x86_64 | 0.6.0 | 9.00 | 60.00 | 69.00 | OK | |
r-oldrel-macos-arm64 | 0.6.0 | 26.00 | OK | |||
r-oldrel-macos-x86_64 | 0.6.0 | 34.00 | OK | |||
r-oldrel-windows-x86_64 | 0.6.0 | 9.00 | 60.00 | 69.00 | OK |
Version: 0.6.0
Check: Rd cross-references
Result: NOTE
Undeclared package ‘later’ in Rd xrefs
Flavor: r-devel-linux-x86_64-fedora-clang