Last updated on 2023-09-27 13:04:33 CEST.
Flavor | Version | Tinstall | Tcheck | Ttotal | Status | Flags |
---|---|---|---|---|---|---|
r-devel-linux-x86_64-debian-clang | 1.4.2 | 36.03 | 259.07 | 295.10 | OK | |
r-devel-linux-x86_64-debian-gcc | 1.4.2 | 29.25 | 185.75 | 215.00 | OK | |
r-devel-linux-x86_64-fedora-clang | 1.4.2 | 354.90 | NOTE | |||
r-devel-linux-x86_64-fedora-gcc | 1.4.2 | 385.90 | OK | |||
r-devel-windows-x86_64 | 1.4.2 | 33.00 | 201.00 | 234.00 | OK | |
r-patched-linux-x86_64 | 1.4.2 | 26.45 | 240.52 | 266.97 | OK | |
r-release-linux-x86_64 | 1.4.2 | 31.81 | 244.12 | 275.93 | OK | |
r-release-macos-arm64 | 1.4.2 | 62.00 | OK | |||
r-release-macos-x86_64 | 1.4.2 | 118.00 | OK | |||
r-release-windows-x86_64 | 1.4.2 | 45.00 | 258.00 | 303.00 | OK | |
r-oldrel-macos-arm64 | 1.4.2 | 67.00 | OK | |||
r-oldrel-macos-x86_64 | 1.4.2 | 131.00 | OK | |||
r-oldrel-windows-x86_64 | 1.4.2 | 47.00 | 257.00 | 304.00 | OK |
Version: 1.4.2
Check: package dependencies
Result: NOTE
Imports includes 30 non-default packages.
Importing from so many packages makes the package vulnerable to any of
them becoming unavailable. Move as many as possible to Suggests and
use conditionally.
Flavor: r-devel-linux-x86_64-fedora-clang