Last updated on 2023-03-31 16:53:51 CEST.
Flavor | Version | Tinstall | Tcheck | Ttotal | Status | Flags |
---|---|---|---|---|---|---|
r-devel-linux-x86_64-debian-clang | 0.8.4 | 81.92 | 48.62 | 130.54 | NOTE | |
r-devel-linux-x86_64-debian-gcc | 0.8.4 | 53.20 | 36.95 | 90.15 | NOTE | |
r-devel-linux-x86_64-fedora-clang | 0.8.4 | 188.64 | NOTE | |||
r-devel-linux-x86_64-fedora-gcc | 0.8.4 | 172.83 | NOTE | |||
r-devel-windows-x86_64 | 0.8.4 | 88.00 | 0.00 | 88.00 | NOTE | |
r-patched-linux-x86_64 | 0.8.4 | 61.77 | 46.63 | 108.40 | NOTE | |
r-release-linux-x86_64 | 0.8.4 | 62.30 | 47.02 | 109.32 | OK | |
r-release-macos-arm64 | 0.8.4 | 60.00 | OK | |||
r-release-macos-x86_64 | 0.8.4 | 60.00 | OK | |||
r-release-windows-x86_64 | 0.8.4 | 99.00 | 114.00 | 213.00 | OK | |
r-oldrel-macos-arm64 | 0.8.4 | 36.00 | OK | |||
r-oldrel-macos-x86_64 | 0.8.4 | 69.00 | OK | |||
r-oldrel-windows-ix86+x86_64 | 0.8.4 | 187.00 | 105.00 | 292.00 | OK |
Version: 0.8.4
Check: C++ specification
Result: NOTE
Specified C++11: please drop specification unless essential
Flavors: r-devel-linux-x86_64-debian-clang, r-devel-linux-x86_64-debian-gcc, r-devel-linux-x86_64-fedora-clang, r-devel-linux-x86_64-fedora-gcc, r-devel-windows-x86_64, r-patched-linux-x86_64